{"id":8505,"date":"2025-08-23T19:16:54","date_gmt":"2025-08-23T17:16:54","guid":{"rendered":"https:\/\/kwintesencja.art\/?post_type=product&#038;p=8505"},"modified":"2026-03-05T21:05:15","modified_gmt":"2026-03-05T20:05:15","slug":"przyjaciolki","status":"publish","type":"product","link":"https:\/\/kwintesencja.art\/pl\/product\/przyjaciolki\/","title":{"rendered":"Przyjaci\u00f3\u0142ki"},"content":{"rendered":"<div id=\"tab-description\" class=\"panel entry-content wc-tab\">\n<div class=\"elementor-element elementor-element-32e0454f elementor-widget elementor-widget-theme-post-excerpt\" data-id=\"32e0454f\" data-element_type=\"widget\" data-widget_type=\"theme-post-excerpt.default\">\n<div class=\"elementor-widget-container\">Tamara de \u0141empicka (ur. 16 maja 1898 w Warszawie, zm. 18 marca 1980 w Cuernavaca w Meksyku). Pomimo twierdze\u0144 Tamary \u0141empickiej, i\u017c w kwestii warsztatu jest samoukiem, przez kr\u00f3tki okres ucz\u0119szcza\u0142a do pracowni kubistycznego malarza, Andr\u00e9 Lhote\u2032a. Pierwszy raz jej prace zosta\u0142y wystawione w 1922 przez Salon d\u2032Automne. Malarstwo \u0141empickiej spotka\u0142o si\u0119 z pozytywnym odbiorem, a ona sama wkr\u00f3tce sta\u0142a si\u0119 s\u0142awna jako portrecistka. W tym czasie malowa\u0142a wyidealizowane portrety i akty o lekko kubicznych formach i nasyconych barwach. Z tego okresu pochodzi te\u017c jej autoportret Tamara w zielonym Bugatti, przeznaczony na ok\u0142adk\u0119 czasopisma \u201eDie Dame\u201d i uwa\u017cany za jeden z typowych obraz\u00f3w art d\u00e9co.<\/div>\n<\/div>\n<div class=\"elementor-element elementor-element-69fe671f elementor-widget elementor-widget-theme-post-content\" data-id=\"69fe671f\" data-element_type=\"widget\" data-widget_type=\"theme-post-content.default\">\n<div class=\"elementor-widget-container\">\n<div class=\"elementor elementor-2598\" data-elementor-type=\"wp-post\" data-elementor-id=\"2598\">\n<section class=\"elementor-section elementor-top-section elementor-element elementor-element-6ead403 elementor-section-boxed elementor-section-height-default elementor-section-height-default\" data-id=\"6ead403\" data-element_type=\"section\">\n<div class=\"elementor-container elementor-column-gap-default\">\n<div class=\"elementor-column elementor-col-100 elementor-top-column elementor-element elementor-element-bf313ef\" data-id=\"bf313ef\" data-element_type=\"column\">\n<div class=\"elementor-widget-wrap elementor-element-populated\">\n<div class=\"elementor-element elementor-element-b7dbb7f elementor-widget elementor-widget-text-editor\" data-id=\"b7dbb7f\" data-element_type=\"widget\" data-widget_type=\"text-editor.default\">\n<div class=\"elementor-widget-container\">\n<p class=\"western\" align=\"justify\"><span lang=\"pl-PL\">Tamara \u0141empicka to jedna z najbardziej znanych polskich emigrantek, kt\u00f3ra w \u015bwiecie artystycznym zdoby\u0142a najwi\u0119ksz\u0105 popularno\u015b\u0107. To wyj\u0105tkowa malarka i bezkompromisowa ikona nowoczesno\u015bci, jej owiana legend\u0105 posta\u0107 nieustannie intryguje, a sztuka wzbudza zachwyt. W Polsce koneserzy sztuki nigdy nie byli zainteresowani dzie\u0142ami \u0141empickiej, za\u015b w Europie uznawana by\u0142a wy\u0142\u0105cznie we wcieleniu malarki paryskiej. W nielicznych jedynie opracowaniach na temat historii sztuki dwudziestego wieku po\u015bwi\u0119cone by\u0142y miejsca niezale\u017cnym kobietom do kt\u00f3rych zalicza\u0142a si\u0119 niew\u0105tpliwie Tamara \u0141empicka. <\/span><\/p>\n<p class=\"western\" align=\"justify\"><span lang=\"pl-PL\">Dzie\u0142a \u0141empickiej znajduj\u0105 si\u0119 g\u0142\u00f3wnie w kolekcjach prywatnych, podobnie jak wi\u0119kszo\u015b\u0107 jej obraz\u00f3w <\/span><span lang=\"pl-PL\"><i>art deco<\/i><\/span><span lang=\"pl-PL\">, co oznacza, \u017ce nie s\u0105 dost\u0119pne w zbiorach publicznych. Tw\u00f3rczo\u015b\u0107 \u0141empickiej ma wielk\u0105 si\u0142\u0119 oddzia\u0142ywania, jest odwa\u017cna i zmys\u0142owa. W\u0142a\u015bciwie dopiero niedawno talent \u0141empickiej odkryty zosta\u0142 na nowo, kiedy zacz\u0119to wymienia\u0107 \u0141empick\u0105 w\u015br\u00f3d wielkich tw\u00f3rc\u00f3w <\/span><span lang=\"pl-PL\"><i>art deco. <\/i><\/span><span lang=\"pl-PL\">Jej obrazy znajduj\u0105 si\u0119 w domach Madonny, Barbry Streisand czy Jacka Nicholsona. (K.Koziewicz)<\/span><\/p>\n<\/div>\n<\/div>\n<\/div>\n<\/div>\n<\/div>\n<\/section>\n<\/div>\n<\/div>\n<\/div>\n<\/div>\n","protected":false},"excerpt":{"rendered":"<p>Grafika, edycja limitowana 300 egzemplarzy, na papierze<br \/>\nKa\u017cda grafika jest indywidualnie numerowana.<br \/>\nNapis o\u0142\u00f3wkiem l.d.: 62\/300, p.d.: faksymile: &#8216;T. de Lempicka&#8217;<br \/>\nWymiary: 50 cm x 65 cm (arkusz)<br \/>\nNa dole sucha piecz\u0119\u0107 wydawcy<br \/>\nNa odwrocie hologram<br \/>\nStan zachowania: bardzo dobry<\/p>\n","protected":false},"featured_media":9458,"template":"","meta":{"_monsterinsights_skip_tracking":false,"_monsterinsights_sitenote_active":false,"_monsterinsights_sitenote_note":"","_monsterinsights_sitenote_category":0,"_themeisle_gutenberg_block_has_review":false},"product_cat":[41],"product_tag":[161,350],"class_list":["post-8505","product","type-product","status-publish","has-post-thumbnail","hentry","product_cat-grafiki","product_tag-lempicka-tamara","product_tag-wyprzedaz","product_shipping_class-rodzaj-wysylki-2"],"aioseo_notices":[],"_links":{"self":[{"href":"https:\/\/kwintesencja.art\/pl\/wp-json\/wp\/v2\/product\/8505","targetHints":{"allow":["GET"]}}],"collection":[{"href":"https:\/\/kwintesencja.art\/pl\/wp-json\/wp\/v2\/product"}],"about":[{"href":"https:\/\/kwintesencja.art\/pl\/wp-json\/wp\/v2\/types\/product"}],"wp:featuredmedia":[{"embeddable":true,"href":"https:\/\/kwintesencja.art\/pl\/wp-json\/wp\/v2\/media\/9458"}],"wp:attachment":[{"href":"https:\/\/kwintesencja.art\/pl\/wp-json\/wp\/v2\/media?parent=8505"}],"wp:term":[{"taxonomy":"product_cat","embeddable":true,"href":"https:\/\/kwintesencja.art\/pl\/wp-json\/wp\/v2\/product_cat?post=8505"},{"taxonomy":"product_tag","embeddable":true,"href":"https:\/\/kwintesencja.art\/pl\/wp-json\/wp\/v2\/product_tag?post=8505"}],"curies":[{"name":"wp","href":"https:\/\/api.w.org\/{rel}","templated":true}]}}

Przyjaciółki

<div id="tab-description" class="panel entry-content wc-tab">
<div class="elementor-element elementor-element-32e0454f elementor-widget elementor-widget-theme-post-excerpt" data-id="32e0454f" data-element_type="widget" data-widget_type="theme-post-excerpt.default">
<div class="elementor-widget-container">Tamara de Łempicka (ur. 16 maja 1898 w Warszawie, zm. 18 marca 1980 w Cuernavaca w Meksyku). Pomimo twierdzeń Tamary Łempickiej, iż w kwestii warsztatu jest samoukiem, przez krótki okres uczęszczała do pracowni kubistycznego malarza, André Lhote′a. Pierwszy raz jej prace zostały wystawione w 1922 przez Salon d′Automne. Malarstwo Łempickiej spotkało się z pozytywnym odbiorem, a ona sama wkrótce stała się sławna jako portrecistka. W tym czasie malowała wyidealizowane portrety i akty o lekko kubicznych formach i nasyconych barwach. Z tego okresu pochodzi też jej autoportret Tamara w zielonym Bugatti, przeznaczony na okładkę czasopisma „Die Dame” i uważany za jeden z typowych obrazów art déco.</div>
</div>
<div class="elementor-element elementor-element-69fe671f elementor-widget elementor-widget-theme-post-content" data-id="69fe671f" data-element_type="widget" data-widget_type="theme-post-content.default">
<div class="elementor-widget-container">
<div class="elementor elementor-2598" data-elementor-type="wp-post" data-elementor-id="2598">
<section class="elementor-section elementor-top-section elementor-element elementor-element-6ead403 elementor-section-boxed elementor-section-height-default elementor-section-height-default" data-id="6ead403" data-element_type="section">
<div class="elementor-container elementor-column-gap-default">
<div class="elementor-column elementor-col-100 elementor-top-column elementor-element elementor-element-bf313ef" data-id="bf313ef" data-element_type="column">
<div class="elementor-widget-wrap elementor-element-populated">
<div class="elementor-element elementor-element-b7dbb7f elementor-widget elementor-widget-text-editor" data-id="b7dbb7f" data-element_type="widget" data-widget_type="text-editor.default">
<div class="elementor-widget-container">
<p class="western" align="justify"><span lang="pl-PL">Tamara Łempicka to jedna z najbardziej znanych polskich emigrantek, która w świecie artystycznym zdobyła największą popularność. To wyjątkowa malarka i bezkompromisowa ikona nowoczesności, jej owiana legendą postać nieustannie intryguje, a sztuka wzbudza zachwyt. W Polsce koneserzy sztuki nigdy nie byli zainteresowani dziełami Łempickiej, zaś w Europie uznawana była wyłącznie we wcieleniu malarki paryskiej. W nielicznych jedynie opracowaniach na temat historii sztuki dwudziestego wieku poświęcone były miejsca niezależnym kobietom do których zaliczała się niewątpliwie Tamara Łempicka. </span></p>
<p class="western" align="justify"><span lang="pl-PL">Dzieła Łempickiej znajdują się głównie w kolekcjach prywatnych, podobnie jak większość jej obrazów </span><span lang="pl-PL"><i>art deco</i></span><span lang="pl-PL">, co oznacza, że nie są dostępne w zbiorach publicznych. Twórczość Łempickiej ma wielką siłę oddziaływania, jest odważna i zmysłowa. Właściwie dopiero niedawno talent Łempickiej odkryty został na nowo, kiedy zaczęto wymieniać Łempicką wśród wielkich twórców </span><span lang="pl-PL"><i>art deco. </i></span><span lang="pl-PL">Jej obrazy znajdują się w domach Madonny, Barbry Streisand czy Jacka Nicholsona. (K.Koziewicz)</span></p>
</div>
</div>
</div>
</div>
</div>
</section>
</div>
</div>
</div>
</div>

<p>Grafika, edycja limitowana 300 egzemplarzy, na papierze<br />
Każda grafika jest indywidualnie numerowana.<br />
Napis ołówkiem l.d.: 62/300, p.d.: faksymile: &#8216;T. de Lempicka&#8217;<br />
Wymiary: 50 cm x 65 cm (arkusz)<br />
Na dole sucha pieczęć wydawcy<br />
Na odwrocie hologram<br />
Stan zachowania: bardzo dobry</p>
