{"id":8432,"date":"2025-08-05T23:22:53","date_gmt":"2025-08-05T21:22:53","guid":{"rendered":"https:\/\/kwintesencja.art\/?post_type=product&#038;p=8432"},"modified":"2025-08-30T15:54:55","modified_gmt":"2025-08-30T13:54:55","slug":"ostatnia-wieczerza-wg-durera","status":"publish","type":"product","link":"https:\/\/kwintesencja.art\/pl\/product\/ostatnia-wieczerza-wg-durera\/","title":{"rendered":"Ostatnia Wieczerza wg D\u00fcrera"},"content":{"rendered":"<p>Stanis\u0142aw Fija\u0142kowski (Zdo\u0142bunow na Wo\u0142yniu 1922 \u2013 \u0141\u00f3d\u017a 2020) w latach 1944-1945 przebywa\u0142 na robotach przymusowych w Kr\u00f3lewcu. W latach 1946- 1951 studiowa\u0142<br \/>\nw Pa\u0144stwowej Wy\u017cszej Szkole Sztuk Plastycznych w \u0141odzi pod kierunkiem W\u0142adys\u0142awa Strzemi\u0144skiego, Stefana Wegnera i Ludwika Tyrowicza, u kt\u00f3rego uzyska\u0142 dyplom.<br \/>\nW latach 1947-1993 by\u0142 pedagogiem w macierzystej uczelni, od 1983 profesorem. Pe\u0142ni\u0142 funkcje prorektora i dziekana Wydzia\u0142u Grafiki. Wyk\u0142ada\u0142 te\u017c za granic\u0105: w Mons (1978, 1982), Giessen (1989-1990), Marburgu (1990). Jest wiceprezydentem Mi\u0119dzynarodowego Stowarzyszenia Drzeworytnik\u00f3w XYLON w Szwajcarii i przewodnicz\u0105cym Polskiej Sekcji tej organizacji. Nale\u017cy do zagranicznych Akademii nauk i sztuk w Salzburgu i Brukseli. Jest laureatem Nagrody Krytyki Artystycznej im. Cypriana Norwida 1971, Nagrody im. Jana Cybisa 1990 i wielu innych wyr\u00f3\u017cnie\u0144. Jako pierwszy w Polsce przet\u0142umaczy\u0142 teksty Wasyla Kandinskiego (\u201ePunkt i linia a p\u0142aszczyzna\u201d i \u201eO duchowo\u015bci w sztuce\u201d), oba wydane drukiem, oraz Kazimierza Malewicza \u201e\u015awiat bezprzedmiotowy\u201d. Malarstwo Fija\u0142kowskiego bazuje na skromnym zasobie abstrakcyjnych znak\u00f3w i ograniczonej gamie barwnej. Kompozycje, w wi\u0119kszo\u015bci sugeruj\u0105ce uj\u0119cia pejza\u017cowe czy szerzej \u2013 przestrzenne, budowane s\u0105 jakby pojedynczymi dotkni\u0119ciami p\u0119dzla. Ka\u017cdy szczeg\u00f3\u0142 nabiera wa\u017cno\u015bci, \u015bledzi si\u0119 ka\u017cdy niuans barwy czy faktury. Charakterystyczne kszta\u0142ty i motywy powtarzaj\u0105 si\u0119 w r\u00f3\u017cnych konfiguracjach w pracach artysty niczym wyrazy, z kt\u00f3rych uk\u0142ada za ka\u017cdym razem inn\u0105 opowie\u015b\u0107. Obrazy nosz\u0105 zazwyczaj poetyckie tytu\u0142y, cz\u0119sto wpadaj\u0105ce w tony groteskowe czy surealistyczne. Cechy te sk\u0142adaj\u0105 si\u0119 na niezwyk\u0142e, intryguj\u0105ce, autonomiczne zjawisko artystyczne. Malarstwu Fija\u0142kowskiego od pocz\u0105tku lat 60. towarzyszy czarno-bia\u0142a grafika, g\u0142\u00f3wnie linoryt i drzeworyt, sporadycznie litografia<\/p>\n","protected":false},"excerpt":{"rendered":"<p><strong>\u201eOstatnia Wieczerza wg D\u00fcrera\u201d<\/strong>, 1978<br \/>\nDrzeworyt (wed\u0142ug Albrechta D\u00fcrera)<br \/>\nWymiary: 50,5 \u00d7 36,5 cm (w \u015bw. p-p.), 63,5 x 50 cm (arkusz), 90 x 65 cm<br \/>\nSygnowany o\u0142\u00f3wkiem p.d.: <em>S. Fija\u0142kowski 78<br \/>\nEdycja<\/em>: 26\/50<br \/>\nStan zachowania: bardzo dobry<br \/>\nCertyfikat autentyczno\u015bci<\/p>\n","protected":false},"featured_media":8419,"template":"","meta":{"_monsterinsights_skip_tracking":false,"_monsterinsights_sitenote_active":false,"_monsterinsights_sitenote_note":"","_monsterinsights_sitenote_category":0,"_themeisle_gutenberg_block_has_review":false},"product_cat":[41],"product_tag":[37],"class_list":["post-8432","product","type-product","status-publish","has-post-thumbnail","hentry","product_cat-grafiki","product_tag-fijalkowski-stanislaw","product_shipping_class-rodzaj-wysylki-2"],"aioseo_notices":[],"_links":{"self":[{"href":"https:\/\/kwintesencja.art\/pl\/wp-json\/wp\/v2\/product\/8432","targetHints":{"allow":["GET"]}}],"collection":[{"href":"https:\/\/kwintesencja.art\/pl\/wp-json\/wp\/v2\/product"}],"about":[{"href":"https:\/\/kwintesencja.art\/pl\/wp-json\/wp\/v2\/types\/product"}],"wp:featuredmedia":[{"embeddable":true,"href":"https:\/\/kwintesencja.art\/pl\/wp-json\/wp\/v2\/media\/8419"}],"wp:attachment":[{"href":"https:\/\/kwintesencja.art\/pl\/wp-json\/wp\/v2\/media?parent=8432"}],"wp:term":[{"taxonomy":"product_cat","embeddable":true,"href":"https:\/\/kwintesencja.art\/pl\/wp-json\/wp\/v2\/product_cat?post=8432"},{"taxonomy":"product_tag","embeddable":true,"href":"https:\/\/kwintesencja.art\/pl\/wp-json\/wp\/v2\/product_tag?post=8432"}],"curies":[{"name":"wp","href":"https:\/\/api.w.org\/{rel}","templated":true}]}}

Ostatnia Wieczerza wg Dürera

<p>Stanisław Fijałkowski (Zdołbunow na Wołyniu 1922 – Łódź 2020) w latach 1944-1945 przebywał na robotach przymusowych w Królewcu. W latach 1946- 1951 studiował<br />
w Państwowej Wyższej Szkole Sztuk Plastycznych w Łodzi pod kierunkiem Władysława Strzemińskiego, Stefana Wegnera i Ludwika Tyrowicza, u którego uzyskał dyplom.<br />
W latach 1947-1993 był pedagogiem w macierzystej uczelni, od 1983 profesorem. Pełnił funkcje prorektora i dziekana Wydziału Grafiki. Wykładał też za granicą: w Mons (1978, 1982), Giessen (1989-1990), Marburgu (1990). Jest wiceprezydentem Międzynarodowego Stowarzyszenia Drzeworytników XYLON w Szwajcarii i przewodniczącym Polskiej Sekcji tej organizacji. Należy do zagranicznych Akademii nauk i sztuk w Salzburgu i Brukseli. Jest laureatem Nagrody Krytyki Artystycznej im. Cypriana Norwida 1971, Nagrody im. Jana Cybisa 1990 i wielu innych wyróżnień. Jako pierwszy w Polsce przetłumaczył teksty Wasyla Kandinskiego („Punkt i linia a płaszczyzna” i „O duchowości w sztuce”), oba wydane drukiem, oraz Kazimierza Malewicza „Świat bezprzedmiotowy”. Malarstwo Fijałkowskiego bazuje na skromnym zasobie abstrakcyjnych znaków i ograniczonej gamie barwnej. Kompozycje, w większości sugerujące ujęcia pejzażowe czy szerzej – przestrzenne, budowane są jakby pojedynczymi dotknięciami pędzla. Każdy szczegół nabiera ważności, śledzi się każdy niuans barwy czy faktury. Charakterystyczne kształty i motywy powtarzają się w różnych konfiguracjach w pracach artysty niczym wyrazy, z których układa za każdym razem inną opowieść. Obrazy noszą zazwyczaj poetyckie tytuły, często wpadające w tony groteskowe czy surealistyczne. Cechy te składają się na niezwykłe, intrygujące, autonomiczne zjawisko artystyczne. Malarstwu Fijałkowskiego od początku lat 60. towarzyszy czarno-biała grafika, głównie linoryt i drzeworyt, sporadycznie litografia</p>

<p><strong>„Ostatnia Wieczerza wg Dürera”</strong>, 1978<br />
Drzeworyt (według Albrechta Dürera)<br />
Wymiary: 50,5 × 36,5 cm (w św. p-p.), 63,5 x 50 cm (arkusz), 90 x 65 cm<br />
Sygnowany ołówkiem p.d.: <em>S. Fijałkowski 78<br />
Edycja</em>: 26/50<br />
Stan zachowania: bardzo dobry<br />
Certyfikat autentyczności</p>
