{"id":8136,"date":"2025-06-04T20:50:51","date_gmt":"2025-06-04T18:50:51","guid":{"rendered":"https:\/\/kwintesencja.art\/?post_type=product&#038;p=8136"},"modified":"2025-12-23T13:41:25","modified_gmt":"2025-12-23T12:41:25","slug":"blanchfleur","status":"publish","type":"product","link":"https:\/\/kwintesencja.art\/pl\/product\/blanchfleur\/","title":{"rendered":"Blanchfleur"},"content":{"rendered":"<p>\u201eBlanchfleur\u201d to jedna z ilustracji Salvadora Dalego do serii <em>Le D\u00e9cameron<\/em> \u2013 interpretacji klasycznego dzie\u0142a Giovanniego Boccaccia z XIV wieku. Artysta z charakterystycznym dla siebie surrealistycznym wyczuciem \u0142\u0105czy erotyk\u0119 z mitologiczn\u0105 stylizacj\u0105 i psychologiczn\u0105 symbolik\u0105.<br \/>\nKompozycja przedstawia nagie kobiety, z kt\u00f3rych jedna rozczesuje w\u0142osy, druga stoi z gracj\u0105, a trzecia kuca przy jej nogach \u2013 scena ukazana jest z nut\u0105 teatralno\u015bci i dwuznaczno\u015bci. Linia jest subtelna i precyzyjna, obecne s\u0105 lekkie akcenty koloru (zieleni i r\u00f3\u017cu), a sygnatura artysty wykonana jest r\u0119cznie, o\u0142\u00f3wkiem.<\/p>\n<blockquote data-start=\"1296\" data-end=\"1418\">\n<p data-start=\"1298\" data-end=\"1418\">\u201eNie wiem, kim m\u00f3g\u0142by by\u0107 kto\u015b inny ni\u017c ty, kto m\u00f3g\u0142 mnie tu sprowadzi\u0107. Rozpali\u0142e\u015b moje serce, afektowany Toska\u0144czyku.\u201d<\/p>\n<\/blockquote>\n<blockquote data-start=\"1420\" data-end=\"1658\">\n<p data-start=\"1422\" data-end=\"1658\">\u201eOboje weszli do \u0142a\u017ani nadzy, wraz z nimi dwie niewolnice. Tam Dama, nie pozwalaj\u0105c, by ktokolwiek inny jej dotyka\u0142, sama dok\u0142adnie umy\u0142a si\u0119 pachn\u0105cym myd\u0142em i go\u017adzikami, a p\u00f3\u017aniej niewolnice przynios\u0142y prze\u015bcierad\u0142a pachn\u0105ce r\u00f3\u017cami.\u201d<\/p>\n<\/blockquote>\n<blockquote data-start=\"1660\" data-end=\"1812\">\n<p data-start=\"1662\" data-end=\"1812\">\u201eWydawa\u0142o si\u0119 Salabetowi, \u017ce jest w raju, patrz\u0105c na Dam\u0119 \u2013 kt\u00f3ra bez w\u0105tpienia by\u0142a bardzo pi\u0119kna. Ka\u017cda godzina bez niej wydawa\u0142a mu si\u0119 stuletnia.\u201d<\/p>\n<\/blockquote>\n<blockquote data-start=\"1814\" data-end=\"2010\">\n<p data-start=\"1816\" data-end=\"2010\">\u201eZ rozkazu Damy niewolnice zostawi\u0142y zapalon\u0105 \u015bwiec\u0119 w pokoju i wysz\u0142y. Zostali sami, ca\u0142uj\u0105c si\u0119 d\u0142ugo i rozmawiaj\u0105c z wielk\u0105 przyjemno\u015bci\u0105. Salabet by\u0142 przekonany, \u017ce ona ca\u0142a jest dla niego.\u201d<\/p>\n<\/blockquote>\n<p><strong><br \/>\nSalvador Dal\u00ed<\/strong> \u2013 jeden z najwa\u017cniejszych przedstawicieli surrealizmu, urodzony w 1904 roku w Figueres (Katalonia), zmar\u0142 tam\u017ce w 1989 roku. Tw\u00f3rca niezwykle wszechstronny: malarz, grafik, pisarz, scenograf i ekscentryk, kt\u00f3ry dzi\u0119ki swojej oryginalnej osobowo\u015bci i wyobra\u017ani zdoby\u0142 \u015bwiatow\u0105 s\u0142aw\u0119. Zas\u0142yn\u0105\u0142 obrazami pe\u0142nymi onirycznych symboli, precyzyjnie malowanymi z hiperrealistycznym detalem. R\u00f3wnolegle z malarstwem tworzy\u0142 bogaty dorobek graficzny \u2013 ilustrowa\u0142 m.in. Bibli\u0119, <em>Bosk\u0105 komedi\u0119<\/em> Dantego, <em>Fausta<\/em> Goethego i <em>Dekameron<\/em> Boccaccia. Jego prace znajduj\u0105 si\u0119 dzi\u015b w najwa\u017cniejszych muzeach \u015bwiata, m.in. w MoMA w Nowym Jorku, Reina Sof\u00eda w Madrycie czy Dal\u00ed Theatre-Museum w Figueres.<\/p>\n","protected":false},"excerpt":{"rendered":"<p class=\"western\">Salvador Dal\u00ed (1904\u20131989)<br \/>\nBlanchfleur, 1974<br \/>\nZ cyklu <em>Le D\u00e9cameron<\/em><br \/>\nSuchoryt barwny (color drypoint) na papierze Arches<br \/>\nSygnowany odr\u0119cznie o\u0142\u00f3wkiem poni\u017cej kompozycji: &#8216;Dal\u00ed&#8217;<br \/>\nWymiary: 18 \u00d7 13 cm<br \/>\nOdbitka z edycji 125 egzemplarzy na papierze Arches (egz. nienumerowany)<br \/>\nWydawca: Ateliers Rigal, Pary\u017c<br \/>\nLiteratura: Michler \/ L\u00f6psinger, <em>Dal\u00ed \u2013 Das druckgraphische Werk<\/em>, nr kat. 559c<br \/>\nStan zachowania: bardzo dobry; papier miejscowo przy\u017c\u00f3\u0142cony (patyna wieku); arkusz czysty, grafika z dobr\u0105 prezencj\u0105<\/p>\n","protected":false},"featured_media":8138,"template":"","meta":{"_monsterinsights_skip_tracking":false,"_monsterinsights_sitenote_active":false,"_monsterinsights_sitenote_note":"","_monsterinsights_sitenote_category":0,"_themeisle_gutenberg_block_has_review":false},"product_cat":[41],"product_tag":[196],"class_list":["post-8136","product","type-product","status-publish","has-post-thumbnail","hentry","product_cat-grafiki","product_tag-dali-salvador","product_shipping_class-rodzaj-wysylki-2"],"aioseo_notices":[],"_links":{"self":[{"href":"https:\/\/kwintesencja.art\/pl\/wp-json\/wp\/v2\/product\/8136","targetHints":{"allow":["GET"]}}],"collection":[{"href":"https:\/\/kwintesencja.art\/pl\/wp-json\/wp\/v2\/product"}],"about":[{"href":"https:\/\/kwintesencja.art\/pl\/wp-json\/wp\/v2\/types\/product"}],"wp:featuredmedia":[{"embeddable":true,"href":"https:\/\/kwintesencja.art\/pl\/wp-json\/wp\/v2\/media\/8138"}],"wp:attachment":[{"href":"https:\/\/kwintesencja.art\/pl\/wp-json\/wp\/v2\/media?parent=8136"}],"wp:term":[{"taxonomy":"product_cat","embeddable":true,"href":"https:\/\/kwintesencja.art\/pl\/wp-json\/wp\/v2\/product_cat?post=8136"},{"taxonomy":"product_tag","embeddable":true,"href":"https:\/\/kwintesencja.art\/pl\/wp-json\/wp\/v2\/product_tag?post=8136"}],"curies":[{"name":"wp","href":"https:\/\/api.w.org\/{rel}","templated":true}]}}

<p>„Blanchfleur” to jedna z ilustracji Salvadora Dalego do serii <em>Le Décameron</em> – interpretacji klasycznego dzieła Giovanniego Boccaccia z XIV wieku. Artysta z charakterystycznym dla siebie surrealistycznym wyczuciem łączy erotykę z mitologiczną stylizacją i psychologiczną symboliką.<br />
Kompozycja przedstawia nagie kobiety, z których jedna rozczesuje włosy, druga stoi z gracją, a trzecia kuca przy jej nogach – scena ukazana jest z nutą teatralności i dwuznaczności. Linia jest subtelna i precyzyjna, obecne są lekkie akcenty koloru (zieleni i różu), a sygnatura artysty wykonana jest ręcznie, ołówkiem.</p>
<blockquote data-start="1296" data-end="1418">
<p data-start="1298" data-end="1418">„Nie wiem, kim mógłby być ktoś inny niż ty, kto mógł mnie tu sprowadzić. Rozpaliłeś moje serce, afektowany Toskańczyku.”</p>
</blockquote>
<blockquote data-start="1420" data-end="1658">
<p data-start="1422" data-end="1658">„Oboje weszli do łaźni nadzy, wraz z nimi dwie niewolnice. Tam Dama, nie pozwalając, by ktokolwiek inny jej dotykał, sama dokładnie umyła się pachnącym mydłem i goździkami, a później niewolnice przyniosły prześcieradła pachnące różami.”</p>
</blockquote>
<blockquote data-start="1660" data-end="1812">
<p data-start="1662" data-end="1812">„Wydawało się Salabetowi, że jest w raju, patrząc na Damę – która bez wątpienia była bardzo piękna. Każda godzina bez niej wydawała mu się stuletnia.”</p>
</blockquote>
<blockquote data-start="1814" data-end="2010">
<p data-start="1816" data-end="2010">„Z rozkazu Damy niewolnice zostawiły zapaloną świecę w pokoju i wyszły. Zostali sami, całując się długo i rozmawiając z wielką przyjemnością. Salabet był przekonany, że ona cała jest dla niego.”</p>
</blockquote>
<p><strong><br />
Salvador Dalí</strong> – jeden z najważniejszych przedstawicieli surrealizmu, urodzony w 1904 roku w Figueres (Katalonia), zmarł tamże w 1989 roku. Twórca niezwykle wszechstronny: malarz, grafik, pisarz, scenograf i ekscentryk, który dzięki swojej oryginalnej osobowości i wyobraźni zdobył światową sławę. Zasłynął obrazami pełnymi onirycznych symboli, precyzyjnie malowanymi z hiperrealistycznym detalem. Równolegle z malarstwem tworzył bogaty dorobek graficzny – ilustrował m.in. Biblię, <em>Boską komedię</em> Dantego, <em>Fausta</em> Goethego i <em>Dekameron</em> Boccaccia. Jego prace znajdują się dziś w najważniejszych muzeach świata, m.in. w MoMA w Nowym Jorku, Reina Sofía w Madrycie czy Dalí Theatre-Museum w Figueres.</p>

<p class="western">Salvador Dalí (1904–1989)<br />
Blanchfleur, 1974<br />
Z cyklu <em>Le Décameron</em><br />
Suchoryt barwny (color drypoint) na papierze Arches<br />
Sygnowany odręcznie ołówkiem poniżej kompozycji: &#8216;Dalí&#8217;<br />
Wymiary: 18 × 13 cm<br />
Odbitka z edycji 125 egzemplarzy na papierze Arches (egz. nienumerowany)<br />
Wydawca: Ateliers Rigal, Paryż<br />
Literatura: Michler / Löpsinger, <em>Dalí – Das druckgraphische Werk</em>, nr kat. 559c<br />
Stan zachowania: bardzo dobry; papier miejscowo przyżółcony (patyna wieku); arkusz czysty, grafika z dobrą prezencją</p>
