{"id":7985,"date":"2025-05-05T21:51:40","date_gmt":"2025-05-05T19:51:40","guid":{"rendered":"https:\/\/kwintesencja.art\/?post_type=product&#038;p=7985"},"modified":"2025-12-01T10:27:23","modified_gmt":"2025-12-01T09:27:23","slug":"sw-jan-chrzciciel","status":"publish","type":"product","link":"https:\/\/kwintesencja.art\/pl\/product\/sw-jan-chrzciciel\/","title":{"rendered":"\u015aw. Jan Chrzciciel"},"content":{"rendered":"<p><strong data-start=\"692\" data-end=\"714\">Jean Lambert-Rucki<\/strong> (ur. 17 wrze\u015bnia 1888, Krak\u00f3w \u2013 zm. 27 lipca 1967, Pary\u017c) \u2013 wybitny polsko-francuski rze\u017abiarz, malarz i grafik, zwi\u0105zany z \u00c9cole de Paris. Studiowa\u0142 w Krakowie i Pary\u017cu (Acad\u00e9mie Colarossi). Od 1911 roku mieszka\u0142 na sta\u0142e we Francji, gdzie wsp\u00f3\u0142tworzy\u0142 awangardowe ruchy artystyczne i zwi\u0105zany by\u0142 m.in. z grup\u0105 kubist\u00f3w, surrealist\u00f3w i art d\u00e9co. Jego prace wystawiane by\u0142y m.in. w Salonie Jesiennym i Galerii L\u2019Effort Moderne. Tw\u00f3rczo\u015b\u0107 Ruckiego charakteryzuje si\u0119 oryginalnym \u0142\u0105czeniem nowoczesnych styl\u00f3w z inspiracjami sakralnymi, prymitywistycznymi i sztuk\u0105 ludow\u0105.<\/p>\n","protected":false},"excerpt":{"rendered":"<p class=\"\" data-start=\"0\" data-end=\"286\">Odlana i patynowana figura z gipsu z dodatkami z miedzianego drutu.<br \/>\nSygnowana na spodzie: \u201eLambert Rucki\u201d.<br data-start=\"167\" data-end=\"170\" \/>Wysoko\u015b\u0107: 27 cm<br data-start=\"187\" data-end=\"190\" data-is-only-node=\"\" \/>Stan: uszkodzenia i restauracje widoczne na powierzchni (przebarwienia, ubytki, nadlewy farby)<\/p>\n<p class=\"\" data-start=\"288\" data-end=\"648\">Wyj\u0105tkowa rze\u017aba przedstawiaj\u0105ca \u015bw. Jana Chrzciciela \u2013 ascetyczna forma o surowej sylwetce i stylizacji nawi\u0105zuj\u0105cej do archaicznych przedstawie\u0144 sakralnych.<br \/>\nFigura charakteryzuje si\u0119 ekspresyjnym modelunkiem oraz charakterystycznym zastosowaniem materia\u0142\u00f3w \u2013 gipsu i metalowych detali \u2013 typowych dla tw\u00f3rczo\u015bci Jeana Lamberta-Ruckiego z okresu powojennego.<\/p>\n","protected":false},"featured_media":7986,"template":"","meta":{"_monsterinsights_skip_tracking":false,"_monsterinsights_sitenote_active":false,"_monsterinsights_sitenote_note":"","_monsterinsights_sitenote_category":0,"_themeisle_gutenberg_block_has_review":false},"product_cat":[15],"product_tag":[275,350],"class_list":["post-7985","product","type-product","status-publish","has-post-thumbnail","hentry","product_cat-pozostale","product_tag-lambert-rucki-jean","product_tag-wyprzedaz","product_shipping_class-rodzaj-wysylki-2"],"aioseo_notices":[],"_links":{"self":[{"href":"https:\/\/kwintesencja.art\/pl\/wp-json\/wp\/v2\/product\/7985","targetHints":{"allow":["GET"]}}],"collection":[{"href":"https:\/\/kwintesencja.art\/pl\/wp-json\/wp\/v2\/product"}],"about":[{"href":"https:\/\/kwintesencja.art\/pl\/wp-json\/wp\/v2\/types\/product"}],"wp:featuredmedia":[{"embeddable":true,"href":"https:\/\/kwintesencja.art\/pl\/wp-json\/wp\/v2\/media\/7986"}],"wp:attachment":[{"href":"https:\/\/kwintesencja.art\/pl\/wp-json\/wp\/v2\/media?parent=7985"}],"wp:term":[{"taxonomy":"product_cat","embeddable":true,"href":"https:\/\/kwintesencja.art\/pl\/wp-json\/wp\/v2\/product_cat?post=7985"},{"taxonomy":"product_tag","embeddable":true,"href":"https:\/\/kwintesencja.art\/pl\/wp-json\/wp\/v2\/product_tag?post=7985"}],"curies":[{"name":"wp","href":"https:\/\/api.w.org\/{rel}","templated":true}]}}

Św. Jan Chrzciciel

<p><strong data-start="692" data-end="714">Jean Lambert-Rucki</strong> (ur. 17 września 1888, Kraków – zm. 27 lipca 1967, Paryż) – wybitny polsko-francuski rzeźbiarz, malarz i grafik, związany z École de Paris. Studiował w Krakowie i Paryżu (Académie Colarossi). Od 1911 roku mieszkał na stałe we Francji, gdzie współtworzył awangardowe ruchy artystyczne i związany był m.in. z grupą kubistów, surrealistów i art déco. Jego prace wystawiane były m.in. w Salonie Jesiennym i Galerii L’Effort Moderne. Twórczość Ruckiego charakteryzuje się oryginalnym łączeniem nowoczesnych stylów z inspiracjami sakralnymi, prymitywistycznymi i sztuką ludową.</p>

<p class="" data-start="0" data-end="286">Odlana i patynowana figura z gipsu z dodatkami z miedzianego drutu.<br />
Sygnowana na spodzie: „Lambert Rucki”.<br data-start="167" data-end="170" />Wysokość: 27 cm<br data-start="187" data-end="190" data-is-only-node="" />Stan: uszkodzenia i restauracje widoczne na powierzchni (przebarwienia, ubytki, nadlewy farby)</p>
<p class="" data-start="288" data-end="648">Wyjątkowa rzeźba przedstawiająca św. Jana Chrzciciela – ascetyczna forma o surowej sylwetce i stylizacji nawiązującej do archaicznych przedstawień sakralnych.<br />
Figura charakteryzuje się ekspresyjnym modelunkiem oraz charakterystycznym zastosowaniem materiałów – gipsu i metalowych detali – typowych dla twórczości Jeana Lamberta-Ruckiego z okresu powojennego.</p>
