{"id":7601,"date":"2025-03-03T20:03:46","date_gmt":"2025-03-03T19:03:46","guid":{"rendered":"https:\/\/kwintesencja.art\/?post_type=product&#038;p=7601"},"modified":"2025-08-30T15:54:05","modified_gmt":"2025-08-30T13:54:05","slug":"marszalek-pilsudski-w-13-karykaturach-zdzislawa-czemanskiego-1931","status":"publish","type":"product","link":"https:\/\/kwintesencja.art\/pl\/product\/marszalek-pilsudski-w-13-karykaturach-zdzislawa-czemanskiego-1931\/","title":{"rendered":"Marsza\u0142ek Pi\u0142sudski w 13 karykaturach Zdzis\u0142awa Czema\u0144skiego, 1931"},"content":{"rendered":"<p>Zdzis\u0142aw Czerma\u0144ski (1900-1970) &#8211; polski grafik, karykaturzysta. Studiowa\u0142 rysunek u profesora Kazimierza Sichulskiego we Lwowie. S\u0142u\u017cy\u0142 w Legionach Polskich. Po I wojnie \u015bwiatowej wsp\u00f3\u0142pracowa\u0142 z r\u00f3\u017cnymi czasopismami, m.in. z tygodnikiem \u201eSzczutek\u201d.<br \/>\nSzczeg\u00f3lnie zas\u0142yn\u0105\u0142 karykaturami J\u00f3zefa Pi\u0142sudskiego. Podobno tak bardzo spodoba\u0142y si\u0119 Marsza\u0142kowi te karykatury, \u017ce kaza\u0142 je powiesi\u0107 w Belwederze.<\/p>\n<p>Pochodzenie: Ksi\u0119\u017cniczka Celine Sapieha, kuzynka i najbli\u017csza krewna hrabiego Jakuba Potockiego.<\/p>\n","protected":false},"excerpt":{"rendered":"<p>Zdzis\u0142aw Czema\u0144ski i Jan Lecho\u0144 &#8211; Marsza\u0142ek Pi\u0142sudski &#8211; 13 karykatur.<br \/>\nWydane w Pary\u017cu przez Librairie franco-polonaise et \u00e9trang\u00e8re w 1931 r.<br \/>\nPierwsze wydanie, kompletne.<br \/>\nLimitowana edycja 500 numerowanych egzemplarzy, ten nr. 24.<br \/>\nWymiary: 54 x 42 cm<\/p>\n<p>Format in-folio w arkuszach z 13 chromolitograficznymi karykaturami Zdzis\u0142awa Czema\u0144skiego, wszystkie chronione w\u0119\u017cami, map\u0105 Kr\u00f3lestwa Polskiego z 1761 r. z podpisem w j\u0119zyku francuskim oraz przedmow\u0105 w j\u0119zyku polskim autorstwa Jana Lechonia o arty\u015bcie Zdzis\u0142awie Czerma\u0144skim.<\/p>\n<p>Z pi\u0119knym wpisem na stronie tytu\u0142owej \u201eNa pami\u0105tk\u0119 wieczoru, kt\u00f3ry dzi\u0119ki naszej przyja\u017ani i pogodzie ducha odmieni\u0142 moje \u017cycie. Nina Pariere Nicea, 21 maja 1982 r.<\/p>\n<p>Teczka kompletna. Zniszczona obwoluta, \u015bladami zu\u017cycia charakterystyczne dla wieku. Wn\u0119trze czyste, a plansze dobrze zachowane. Mapa Polski lekko po\u017c\u00f3\u0142k\u0142a, z rozdarciami.<\/p>\n","protected":false},"featured_media":7602,"template":"","meta":{"_monsterinsights_skip_tracking":false,"_monsterinsights_sitenote_active":false,"_monsterinsights_sitenote_note":"","_monsterinsights_sitenote_category":0,"_themeisle_gutenberg_block_has_review":false},"product_cat":[15],"product_tag":[295],"class_list":["post-7601","product","type-product","status-publish","has-post-thumbnail","hentry","product_cat-pozostale","product_tag-artysta-mniej-znany","product_shipping_class-rodzaj-wysylki-2"],"aioseo_notices":[],"_links":{"self":[{"href":"https:\/\/kwintesencja.art\/pl\/wp-json\/wp\/v2\/product\/7601","targetHints":{"allow":["GET"]}}],"collection":[{"href":"https:\/\/kwintesencja.art\/pl\/wp-json\/wp\/v2\/product"}],"about":[{"href":"https:\/\/kwintesencja.art\/pl\/wp-json\/wp\/v2\/types\/product"}],"wp:featuredmedia":[{"embeddable":true,"href":"https:\/\/kwintesencja.art\/pl\/wp-json\/wp\/v2\/media\/7602"}],"wp:attachment":[{"href":"https:\/\/kwintesencja.art\/pl\/wp-json\/wp\/v2\/media?parent=7601"}],"wp:term":[{"taxonomy":"product_cat","embeddable":true,"href":"https:\/\/kwintesencja.art\/pl\/wp-json\/wp\/v2\/product_cat?post=7601"},{"taxonomy":"product_tag","embeddable":true,"href":"https:\/\/kwintesencja.art\/pl\/wp-json\/wp\/v2\/product_tag?post=7601"}],"curies":[{"name":"wp","href":"https:\/\/api.w.org\/{rel}","templated":true}]}}

Marszałek Piłsudski w 13 karykaturach Zdzisława Czemańskiego, 1931

<p>Zdzisław Czermański (1900-1970) &#8211; polski grafik, karykaturzysta. Studiował rysunek u profesora Kazimierza Sichulskiego we Lwowie. Służył w Legionach Polskich. Po I wojnie światowej współpracował z różnymi czasopismami, m.in. z tygodnikiem „Szczutek”.<br />
Szczególnie zasłynął karykaturami Józefa Piłsudskiego. Podobno tak bardzo spodobały się Marszałkowi te karykatury, że kazał je powiesić w Belwederze.</p>
<p>Pochodzenie: Księżniczka Celine Sapieha, kuzynka i najbliższa krewna hrabiego Jakuba Potockiego.</p>

<p>Zdzisław Czemański i Jan Lechoń &#8211; Marszałek Piłsudski &#8211; 13 karykatur.<br />
Wydane w Paryżu przez Librairie franco-polonaise et étrangère w 1931 r.<br />
Pierwsze wydanie, kompletne.<br />
Limitowana edycja 500 numerowanych egzemplarzy, ten nr. 24.<br />
Wymiary: 54 x 42 cm</p>
<p>Format in-folio w arkuszach z 13 chromolitograficznymi karykaturami Zdzisława Czemańskiego, wszystkie chronione wężami, mapą Królestwa Polskiego z 1761 r. z podpisem w języku francuskim oraz przedmową w języku polskim autorstwa Jana Lechonia o artyście Zdzisławie Czermańskim.</p>
<p>Z pięknym wpisem na stronie tytułowej „Na pamiątkę wieczoru, który dzięki naszej przyjaźni i pogodzie ducha odmienił moje życie. Nina Pariere Nicea, 21 maja 1982 r.</p>
<p>Teczka kompletna. Zniszczona obwoluta, śladami zużycia charakterystyczne dla wieku. Wnętrze czyste, a plansze dobrze zachowane. Mapa Polski lekko pożółkła, z rozdarciami.</p>
