{"id":7595,"date":"2025-03-03T19:51:01","date_gmt":"2025-03-03T18:51:01","guid":{"rendered":"https:\/\/kwintesencja.art\/?post_type=product&#038;p=7595"},"modified":"2025-06-02T21:35:55","modified_gmt":"2025-06-02T19:35:55","slug":"w-ograniczonej-przestrzeni","status":"publish","type":"product","link":"https:\/\/kwintesencja.art\/pl\/product\/w-ograniczonej-przestrzeni\/","title":{"rendered":"W ograniczonej przestrzeni"},"content":{"rendered":"<p>Allan Rzepka (1940\u20132022) by\u0142 polskim malarzem, rysownikiem, grafikiem i scenografem teatralnym. Studiowa\u0142 malarstwo na ASP w Krakowie pod kierunkiem Czes\u0142awa Rzepi\u0144skiego oraz scenografi\u0119 u Andrzeja Stopki. Dyplom uzyska\u0142 w 1963 roku.<\/p>\n<p>Od 1976 roku by\u0142 wyk\u0142adowc\u0105 krakowskiej ASP, a w 1992 roku otrzyma\u0142 tytu\u0142 profesora. Kierowa\u0142 Katedr\u0105 Rysunku na Wydziale Konserwacji i Restauracji Dzie\u0142 Sztuki. Prac\u0119 pedagogiczn\u0105 zako\u0144czy\u0142 w 2015 roku.<\/p>\n<p>Tworzy\u0142 malarstwo sztalugowe, rysunek, grafik\u0119 i scenografi\u0119. Projektowa\u0142 dekoracje dla Opery \u015al\u0105skiej, Teatru Polskiego w Bielsku-Bia\u0142ej oraz Telewizji Polskiej. Jego tw\u00f3rczo\u015b\u0107 wpisuje si\u0119 w nurt nowoczesnego realizmu magicznego, inspirowanego dawnymi mistrzami. Malowa\u0142 autoportrety, portrety, martwe natury, obrazy religijne i teatralne oraz surrealistyczne. Cz\u0119sto \u0142\u0105czy\u0142 je w cykle, m.in. \u201eManekiny\u201d, \u201eArtefakty\u201d, \u201eMaskarady\u201d. Charakterystyczne dla jego prac s\u0105 du\u017ce formaty, stonowana kolorystyka z kontrastowymi akcentami oraz teatralna narracja.<\/p>\n<p>Bra\u0142 udzia\u0142 w ponad stu wystawach na \u015bwiecie, w tym w Biennale M\u0142odych w Pary\u017cu (1965, 1967), gdzie otrzyma\u0142 wyr\u00f3\u017cnienia. Otrzyma\u0142 wiele nagr\u00f3d, m.in. Nagrod\u0119 Ministra Kultury i Sztuki (1998) oraz Krzy\u017c Orderu Odrodzenia Polski (2013). Jego dzie\u0142a znajduj\u0105 si\u0119 w zbiorach Muzeum Narodowego w Krakowie, Collegium Maius, Pa\u0144stwowych Zbior\u00f3w Sztuki na Wawelu oraz w kolekcjach prywatnych na ca\u0142ym \u015bwiecie.<\/p>\n","protected":false},"excerpt":{"rendered":"<p>Olej na p\u0142\u00f3tnie, oprawiony<br \/>\nWymiary: 100 x 140 cm + oprawa<br \/>\nSygnatura p.d.: &#8216;Allan Rzepka 96\/99&#8217; oraz na odwrocie<br \/>\nStan: Bardzo dobry.<br \/>\nCertyfikat.<\/p>\n","protected":false},"featured_media":7596,"template":"","meta":{"_monsterinsights_skip_tracking":false,"_monsterinsights_sitenote_active":false,"_monsterinsights_sitenote_note":"","_monsterinsights_sitenote_category":0,"_themeisle_gutenberg_block_has_review":false},"product_cat":[39],"product_tag":[295],"class_list":["post-7595","product","type-product","status-publish","has-post-thumbnail","hentry","product_cat-obrazy","product_tag-artysta-mniej-znany","product_shipping_class-rodzaj-wysylki-3"],"aioseo_notices":[],"_links":{"self":[{"href":"https:\/\/kwintesencja.art\/pl\/wp-json\/wp\/v2\/product\/7595","targetHints":{"allow":["GET"]}}],"collection":[{"href":"https:\/\/kwintesencja.art\/pl\/wp-json\/wp\/v2\/product"}],"about":[{"href":"https:\/\/kwintesencja.art\/pl\/wp-json\/wp\/v2\/types\/product"}],"wp:featuredmedia":[{"embeddable":true,"href":"https:\/\/kwintesencja.art\/pl\/wp-json\/wp\/v2\/media\/7596"}],"wp:attachment":[{"href":"https:\/\/kwintesencja.art\/pl\/wp-json\/wp\/v2\/media?parent=7595"}],"wp:term":[{"taxonomy":"product_cat","embeddable":true,"href":"https:\/\/kwintesencja.art\/pl\/wp-json\/wp\/v2\/product_cat?post=7595"},{"taxonomy":"product_tag","embeddable":true,"href":"https:\/\/kwintesencja.art\/pl\/wp-json\/wp\/v2\/product_tag?post=7595"}],"curies":[{"name":"wp","href":"https:\/\/api.w.org\/{rel}","templated":true}]}}

<p>Allan Rzepka (1940–2022) był polskim malarzem, rysownikiem, grafikiem i scenografem teatralnym. Studiował malarstwo na ASP w Krakowie pod kierunkiem Czesława Rzepińskiego oraz scenografię u Andrzeja Stopki. Dyplom uzyskał w 1963 roku.</p>
<p>Od 1976 roku był wykładowcą krakowskiej ASP, a w 1992 roku otrzymał tytuł profesora. Kierował Katedrą Rysunku na Wydziale Konserwacji i Restauracji Dzieł Sztuki. Pracę pedagogiczną zakończył w 2015 roku.</p>
<p>Tworzył malarstwo sztalugowe, rysunek, grafikę i scenografię. Projektował dekoracje dla Opery Śląskiej, Teatru Polskiego w Bielsku-Białej oraz Telewizji Polskiej. Jego twórczość wpisuje się w nurt nowoczesnego realizmu magicznego, inspirowanego dawnymi mistrzami. Malował autoportrety, portrety, martwe natury, obrazy religijne i teatralne oraz surrealistyczne. Często łączył je w cykle, m.in. „Manekiny”, „Artefakty”, „Maskarady”. Charakterystyczne dla jego prac są duże formaty, stonowana kolorystyka z kontrastowymi akcentami oraz teatralna narracja.</p>
<p>Brał udział w ponad stu wystawach na świecie, w tym w Biennale Młodych w Paryżu (1965, 1967), gdzie otrzymał wyróżnienia. Otrzymał wiele nagród, m.in. Nagrodę Ministra Kultury i Sztuki (1998) oraz Krzyż Orderu Odrodzenia Polski (2013). Jego dzieła znajdują się w zbiorach Muzeum Narodowego w Krakowie, Collegium Maius, Państwowych Zbiorów Sztuki na Wawelu oraz w kolekcjach prywatnych na całym świecie.</p>

<p>Olej na płótnie, oprawiony<br />
Wymiary: 100 x 140 cm + oprawa<br />
Sygnatura p.d.: &#8216;Allan Rzepka 96/99&#8217; oraz na odwrocie<br />
Stan: Bardzo dobry.<br />
Certyfikat.</p>
