{"id":6931,"date":"2024-10-28T12:21:04","date_gmt":"2024-10-28T11:21:04","guid":{"rendered":"https:\/\/kwintesencja.art\/?post_type=product&#038;p=6931"},"modified":"2026-02-05T20:25:15","modified_gmt":"2026-02-05T19:25:15","slug":"postacie-2","status":"publish","type":"product","link":"https:\/\/kwintesencja.art\/pl\/product\/postacie-2\/","title":{"rendered":"Postacie"},"content":{"rendered":"<div class=\"flex-col gap-1 md:gap-3\">\n<div class=\"flex max-w-full flex-col flex-grow\">\n<div>\n<div class=\"flex w-full flex-col gap-1 empty:hidden first:pt-[3px]\">\n<div class=\"markdown prose w-full break-words dark:prose-invert dark\">\n<p>Judyta Sobel (1924, Lw\u00f3w \u2013 2012, Nowy Jork) by\u0142a polsko-ameryka\u0144sk\u0105 malark\u0105 \u017cydowskiego pochodzenia, zwi\u0105zan\u0105 z ekspresjonizmem. Studia artystyczne odbywa\u0142a w Pa\u0144stwowej Wy\u017cszej Szkole Sztuk Plastycznych w \u0141odzi, gdzie kszta\u0142ci\u0142a si\u0119 pod okiem wybitnych artyst\u00f3w, takich jak W\u0142adys\u0142aw Strzemi\u0144ski i Stefan Wegner, uzyskuj\u0105c dyplom w 1950 roku. Ju\u017c w 1948 roku wzi\u0119\u0142a udzia\u0142 w presti\u017cowej I Wystawie Sztuki Nowoczesnej w Krakowie. Po studiach wyjecha\u0142a na stypendium do Izraela, a nast\u0119pnie zamieszka\u0142a na sta\u0142e w Nowym Jorku.<\/p>\n<p>Tw\u00f3rczo\u015b\u0107 Sobel by\u0142a wystawiana w takich miastach jak \u0141\u00f3d\u017a, Wroc\u0142aw, Krak\u00f3w, Pary\u017c, Tel Awiw, Hajfa i Nowy Jork. W 1956 roku zdoby\u0142a pierwsz\u0105 nagrod\u0119 na wystawie w paryskiej Gallery Saks, co umocni\u0142o jej pozycj\u0119 na mi\u0119dzynarodowej scenie artystycznej. Jej malarstwo, oscyluj\u0105ce mi\u0119dzy figuracj\u0105 a deformacj\u0105, wyr\u00f3\u017cnia\u0142o si\u0119 bogactwem koloru i intensywnymi ekspresjonistycznymi poszukiwaniami. Obrazy Sobel ukazuj\u0105 subteln\u0105 wra\u017cliwo\u015b\u0107 na codzienno\u015b\u0107 i s\u0105 wysoko cenione przez krytyk\u00f3w i historyk\u00f3w sztuki. Dzie\u0142a artystki znajduj\u0105 si\u0119 w licznych kolekcjach prywatnych i muzealnych na ca\u0142ym \u015bwiecie.<\/p>\n<\/div>\n<\/div>\n<\/div>\n<\/div>\n<\/div>\n","protected":false},"excerpt":{"rendered":"<p><span class=\"HwtZe\" lang=\"pl\"><span class=\"jCAhz ChMk0b\"><span class=\"ryNqvb\">Akwarela i w\u0119giel drzewny na papierze, 1953.<br \/>\nPodpisane i datowane\u00a0<\/span><\/span><\/span>po hebrajsku z okresu jej pobytu w Izraelu.<span class=\"HwtZe\" lang=\"pl\"><span class=\"jCAhz\"><span class=\"ryNqvb\"><br \/>\n<\/span><\/span><\/span><span class=\"HwtZe\" lang=\"pl\"><span class=\"jCAhz\"><span class=\"ryNqvb\">Wymiary: w \u015bw p-p: 35 x 48 cm. 53 x 67 cm (z opraw\u0105)<\/span><\/span><\/span><br \/>\nPochodzenie: Kolekcja prywatna Tel Awiw, Izrael.<br \/>\nCertyfikat autentyczno\u015bci.<\/p>\n","protected":false},"featured_media":6932,"template":"","meta":{"_monsterinsights_skip_tracking":false,"_monsterinsights_sitenote_active":false,"_monsterinsights_sitenote_note":"","_monsterinsights_sitenote_category":0,"_themeisle_gutenberg_block_has_review":false},"product_cat":[39],"product_tag":[315],"class_list":["post-6931","product","type-product","status-publish","has-post-thumbnail","hentry","product_cat-obrazy","product_tag-sobel-judyta","product_shipping_class-rodzaj-wysylki-3"],"aioseo_notices":[],"_links":{"self":[{"href":"https:\/\/kwintesencja.art\/pl\/wp-json\/wp\/v2\/product\/6931","targetHints":{"allow":["GET"]}}],"collection":[{"href":"https:\/\/kwintesencja.art\/pl\/wp-json\/wp\/v2\/product"}],"about":[{"href":"https:\/\/kwintesencja.art\/pl\/wp-json\/wp\/v2\/types\/product"}],"wp:featuredmedia":[{"embeddable":true,"href":"https:\/\/kwintesencja.art\/pl\/wp-json\/wp\/v2\/media\/6932"}],"wp:attachment":[{"href":"https:\/\/kwintesencja.art\/pl\/wp-json\/wp\/v2\/media?parent=6931"}],"wp:term":[{"taxonomy":"product_cat","embeddable":true,"href":"https:\/\/kwintesencja.art\/pl\/wp-json\/wp\/v2\/product_cat?post=6931"},{"taxonomy":"product_tag","embeddable":true,"href":"https:\/\/kwintesencja.art\/pl\/wp-json\/wp\/v2\/product_tag?post=6931"}],"curies":[{"name":"wp","href":"https:\/\/api.w.org\/{rel}","templated":true}]}}

<div class="flex-col gap-1 md:gap-3">
<div class="flex max-w-full flex-col flex-grow">
<div>
<div class="flex w-full flex-col gap-1 empty:hidden first:pt-[3px]">
<div class="markdown prose w-full break-words dark:prose-invert dark">
<p>Judyta Sobel (1924, Lwów – 2012, Nowy Jork) była polsko-amerykańską malarką żydowskiego pochodzenia, związaną z ekspresjonizmem. Studia artystyczne odbywała w Państwowej Wyższej Szkole Sztuk Plastycznych w Łodzi, gdzie kształciła się pod okiem wybitnych artystów, takich jak Władysław Strzemiński i Stefan Wegner, uzyskując dyplom w 1950 roku. Już w 1948 roku wzięła udział w prestiżowej I Wystawie Sztuki Nowoczesnej w Krakowie. Po studiach wyjechała na stypendium do Izraela, a następnie zamieszkała na stałe w Nowym Jorku.</p>
<p>Twórczość Sobel była wystawiana w takich miastach jak Łódź, Wrocław, Kraków, Paryż, Tel Awiw, Hajfa i Nowy Jork. W 1956 roku zdobyła pierwszą nagrodę na wystawie w paryskiej Gallery Saks, co umocniło jej pozycję na międzynarodowej scenie artystycznej. Jej malarstwo, oscylujące między figuracją a deformacją, wyróżniało się bogactwem koloru i intensywnymi ekspresjonistycznymi poszukiwaniami. Obrazy Sobel ukazują subtelną wrażliwość na codzienność i są wysoko cenione przez krytyków i historyków sztuki. Dzieła artystki znajdują się w licznych kolekcjach prywatnych i muzealnych na całym świecie.</p>
</div>
</div>
</div>
</div>
</div>

<p><span class="HwtZe" lang="pl"><span class="jCAhz ChMk0b"><span class="ryNqvb">Akwarela i węgiel drzewny na papierze, 1953.<br />
Podpisane i datowane </span></span></span>po hebrajsku z okresu jej pobytu w Izraelu.<span class="HwtZe" lang="pl"><span class="jCAhz"><span class="ryNqvb"><br />
</span></span></span><span class="HwtZe" lang="pl"><span class="jCAhz"><span class="ryNqvb">Wymiary: w św p-p: 35 x 48 cm. 53 x 67 cm (z oprawą)</span></span></span><br />
Pochodzenie: Kolekcja prywatna Tel Awiw, Izrael.<br />
Certyfikat autentyczności.</p>
