{"id":6537,"date":"2024-05-29T12:02:20","date_gmt":"2024-05-29T10:02:20","guid":{"rendered":"https:\/\/kwintesencja.art\/?post_type=product&#038;p=6537"},"modified":"2025-01-25T08:14:56","modified_gmt":"2025-01-25T07:14:56","slug":"balkon","status":"publish","type":"product","link":"https:\/\/kwintesencja.art\/pl\/product\/balkon\/","title":{"rendered":"Balkon"},"content":{"rendered":"<p><strong>Jan Lebenstein<\/strong> (1930 &#8211; 1999) w latach 1948-1954 studiowa\u0142 malarstwo w ASP w Warszawie pod kierunkiem prof. Eugeniusza Eibischa i Artura Nachta-Samborskiego. W 1955 wzi\u0105\u0142 udzia\u0142 w wystawie w warszawskim Arsenale. Zaprzyja\u017aniony w czasie studi\u00f3w z Mironem Bia\u0142oszewskim, sw\u0105 pierwsz\u0105 wystaw\u0119 indywidualn\u0105 pokaza\u0142 w 1956 w Teatrze na Tarczy\u0144skiej. W 1959 zdoby\u0142 Grand Prix de la Ville de Paris na I Biennale M\u0142odych w Pary\u017cu i w tym roku przeni\u00f3s\u0142 si\u0119 na sta\u0142e do Pary\u017ca. Po seriach &#8220;figur kre\u015blonych&#8221; (na papierze milimetrowym) i &#8220;figur hieratycznych&#8221; z lat 1955-1958 maluje cykl &#8220;figur osiowych&#8221; (1958-1962), kt\u00f3re wystawia w Pary\u017cu i USA. R\u00f3wnolegle w 1960 zaczyna rysowane &#8220;karnety&#8221;, rodzaj dziennika, kt\u00f3ry w przysz\u0142o\u015bci dostarczy motyw\u00f3w wykorzystanych w obrazach. W latach 1964-1965 maluje &#8220;Bestiarium&#8221;, cykl fakturowych, archaizowanych stwor\u00f3w przypominaj\u0105cych prehistoryczne wykopaliska. Bezpo\u015brednio po nich wprowadza do swych obraz\u00f3w postaci ludzkie i fantastyczne, odgrywaj\u0105ce sceny ni to mitologiczne, ni to ze snu, cz\u0119sto przesycone erotyk\u0105. W 1970 projektuje witra\u017ce dla Centre du Dialogue w Pary\u017cu. W W 1971 otrzymuje obywatelstwo francuskie 1974 powstaj\u0105 gwasze inspirowane Folwarkiem zwierz\u0119cym George&#8217;a Orwella. W latach 1976-1989 tworzy wy\u0142\u0105cznie w technice gwaszu i pastelu, podejmuj\u0105c tematyk\u0119 mitologiczn\u0105 i zaczerpni\u0119t\u0105 z Biblii: cykle ilustracji do Ksi\u0119gi Hioba (wyd. 1979) i do Apokalipsy (wyd. 1986) w nowych przek\u0142adach Czes\u0142awa Mi\u0142osza. W 1989 powraca do malarstwa olejnego (cykl &#8220;Pergamon&#8221;). Artysta otrzyma\u0142 m. in. nagrod\u0119 Fundacji im. Alfreda Jurzykowskiego w 1976, Nagrod\u0119 Muzeum Archidiecezji Warszawskiej w 1985, Nagrod\u0119 im. Jana Cybisa w 1987. (\u017ar\u00f3d\u0142o Agra Art)<\/p>\n","protected":false},"excerpt":{"rendered":"<p>litografia barwna\/papier<br \/>\nWymiary: 50 x 35 cm (arkusz)<br \/>\nsygnowany i opisany wewn\u0105trz kompozycji: &#8216;Lebenstein 78\/100&#8217;<\/p>\n","protected":false},"featured_media":6538,"template":"","meta":{"_monsterinsights_skip_tracking":false,"_monsterinsights_sitenote_active":false,"_monsterinsights_sitenote_note":"","_monsterinsights_sitenote_category":0,"_themeisle_gutenberg_block_has_review":false},"product_cat":[41],"product_tag":[266],"class_list":["post-6537","product","type-product","status-publish","has-post-thumbnail","hentry","product_cat-grafiki","product_tag-lebenstein-jan","product_shipping_class-rodzaj-wysylki-2"],"aioseo_notices":[],"_links":{"self":[{"href":"https:\/\/kwintesencja.art\/pl\/wp-json\/wp\/v2\/product\/6537","targetHints":{"allow":["GET"]}}],"collection":[{"href":"https:\/\/kwintesencja.art\/pl\/wp-json\/wp\/v2\/product"}],"about":[{"href":"https:\/\/kwintesencja.art\/pl\/wp-json\/wp\/v2\/types\/product"}],"wp:featuredmedia":[{"embeddable":true,"href":"https:\/\/kwintesencja.art\/pl\/wp-json\/wp\/v2\/media\/6538"}],"wp:attachment":[{"href":"https:\/\/kwintesencja.art\/pl\/wp-json\/wp\/v2\/media?parent=6537"}],"wp:term":[{"taxonomy":"product_cat","embeddable":true,"href":"https:\/\/kwintesencja.art\/pl\/wp-json\/wp\/v2\/product_cat?post=6537"},{"taxonomy":"product_tag","embeddable":true,"href":"https:\/\/kwintesencja.art\/pl\/wp-json\/wp\/v2\/product_tag?post=6537"}],"curies":[{"name":"wp","href":"https:\/\/api.w.org\/{rel}","templated":true}]}}

<p><strong>Jan Lebenstein</strong> (1930 &#8211; 1999) w latach 1948-1954 studiował malarstwo w ASP w Warszawie pod kierunkiem prof. Eugeniusza Eibischa i Artura Nachta-Samborskiego. W 1955 wziął udział w wystawie w warszawskim Arsenale. Zaprzyjaźniony w czasie studiów z Mironem Białoszewskim, swą pierwszą wystawę indywidualną pokazał w 1956 w Teatrze na Tarczyńskiej. W 1959 zdobył Grand Prix de la Ville de Paris na I Biennale Młodych w Paryżu i w tym roku przeniósł się na stałe do Paryża. Po seriach &#8220;figur kreślonych&#8221; (na papierze milimetrowym) i &#8220;figur hieratycznych&#8221; z lat 1955-1958 maluje cykl &#8220;figur osiowych&#8221; (1958-1962), które wystawia w Paryżu i USA. Równolegle w 1960 zaczyna rysowane &#8220;karnety&#8221;, rodzaj dziennika, który w przyszłości dostarczy motywów wykorzystanych w obrazach. W latach 1964-1965 maluje &#8220;Bestiarium&#8221;, cykl fakturowych, archaizowanych stworów przypominających prehistoryczne wykopaliska. Bezpośrednio po nich wprowadza do swych obrazów postaci ludzkie i fantastyczne, odgrywające sceny ni to mitologiczne, ni to ze snu, często przesycone erotyką. W 1970 projektuje witraże dla Centre du Dialogue w Paryżu. W W 1971 otrzymuje obywatelstwo francuskie 1974 powstają gwasze inspirowane Folwarkiem zwierzęcym George&#8217;a Orwella. W latach 1976-1989 tworzy wyłącznie w technice gwaszu i pastelu, podejmując tematykę mitologiczną i zaczerpniętą z Biblii: cykle ilustracji do Księgi Hioba (wyd. 1979) i do Apokalipsy (wyd. 1986) w nowych przekładach Czesława Miłosza. W 1989 powraca do malarstwa olejnego (cykl &#8220;Pergamon&#8221;). Artysta otrzymał m. in. nagrodę Fundacji im. Alfreda Jurzykowskiego w 1976, Nagrodę Muzeum Archidiecezji Warszawskiej w 1985, Nagrodę im. Jana Cybisa w 1987. (źródło Agra Art)</p>

<p>litografia barwna/papier<br />
Wymiary: 50 x 35 cm (arkusz)<br />
sygnowany i opisany wewnątrz kompozycji: &#8216;Lebenstein 78/100&#8217;</p>
