{"id":6052,"date":"2024-03-27T09:10:22","date_gmt":"2024-03-27T08:10:22","guid":{"rendered":"https:\/\/kwintesencja.art\/?post_type=product&#038;p=6052"},"modified":"2024-10-17T12:29:20","modified_gmt":"2024-10-17T10:29:20","slug":"glowa-wieznia-oswiecimskiego","status":"publish","type":"product","link":"https:\/\/kwintesencja.art\/pl\/product\/glowa-wieznia-oswiecimskiego\/","title":{"rendered":"G\u0142owa wi\u0119\u017ania o\u015bwi\u0119cimskiego"},"content":{"rendered":"<p>Litografia powsta\u0142a w ramach przygotowa\u0144 do paryskiego wieczoru upami\u0119tniaj\u0105cego dziesi\u0105t\u0105 rocznic\u0119 wyzwolenia obozu koncentracyjnego w Auschwitz. Praca Picassa towarzyszy\u0142a koncertom i prelekcjom, kt\u00f3re odby\u0142y si\u0119 na lewym brzegu Sekwany 23 stycznia 1955. Litografia by\u0142a jednak czym\u015b wi\u0119cej ni\u017c efemerycznym, okoliczno\u015bciowym drukiem. Jeszcze w styczniu by\u0142a reprodukowana w mi\u0119dzynarodowej prasie; w Polsce przedrukowa\u0142a ja &#8220;Trybuna Ludu&#8221;.; Prawie wszystkie grafiki Picassa z lat pi\u0119\u0107dziesi\u0105tych powsta\u0142y w Studio Mourlot. Artysta rozpocz\u0105\u0142 wsp\u00f3\u0142prac\u0119 z w\u0142a\u015bcicielem, Fernandem Mourlot, w 1945 roku, zach\u0119cony pozytywnymi opiniami Henriego Matisse`a i Georges`a Braque`a. Pocz\u0105tkowo doskonali\u0142 sw\u00f3j warsztat pod skrzyd\u0142ami wydawcy, po czym, od ko\u0144ca lat czterdziestych, zleca\u0142 mu ju\u017c tylko projekty do realizacji. Studio Mourlot cieszy\u0142o si\u0119 w Pary\u017cu wielk\u0105 renom\u0105 i, ju\u017c od lat trzydziestych skupia\u0142o szereg wa\u017cnych artyst\u00f3w, m.in.: Miro, Chagalla, Braque`a, Giacomettiego i Dubuffeta.;<\/p>\n<p>&#8220;G\u0142owa wi\u0119\u017ania&#8221; jest dzie\u0142em wyj\u0105tkowym na tle innych prac wychodz\u0105cych ze studia, a tak\u017ce na tle dzie\u0142 Picassa z tego okresu. Rozpatrywa\u0107 j\u0105 mo\u017cna przede wszystkim na tle antywojennych obraz\u00f3w, kt\u00f3re artysta tworzy\u0142 od lat czterdziestych. Picasso znany by\u0142 ze swoich bezkompromisowych pogl\u0105d\u00f3w politycznych i zaanga\u017cowania w kongresy pokoju i ruch komunistyczny. Jedna z najbardziej znanych anegdot o malarzu dotyczy rozmowy, kt\u00f3ra Picasso mia\u0142 odby\u0107 w swoim studio z niemieckim oficerem podczas okupacji. \u017bo\u0142nierz ogl\u0105daj\u0105c szkice dokumentuj\u0105ce powstawanie &#8220;Guernici&#8221; z 1937 mia\u0142 zapyta\u0107: &#8220;Pan to zrobi\u0142?&#8221;. Odpowied\u017a Picassa brzmia\u0142a: &#8220;Wy to zrobili\u015bcie&#8221;.; Oskar\u017cycielskiego tonu brak jednak w wi\u0119kszo\u015bci antywojennych prac Picassa. &#8220;G\u0142owa wi\u0119\u017ania&#8221; jest tego dobrym przyk\u0142adem. Artysta nie wskazuje winowajc\u00f3w, ale skupia si\u0119 na ukazaniu ofiary. Unika przesadnej ekspresji i hiperbolizacji.; Picasso widzia\u0142 ob\u00f3z w O\u015bwi\u0119cimiu podczas swojej podr\u00f3\u017cy na Polski w 1948 roku. Artysta, zaproszony na Kongres Intelektualist\u00f3w w Obronie Pokoju, kt\u00f3ry odby\u0142 si\u0119 we Wroc\u0142awiu, po zako\u0144czeniu oficjalnych wyst\u0105pie\u0144 uda\u0142 si\u0119 w kr\u00f3tk\u0105 podr\u00f3\u017c. Odwiedzi\u0142 m.in. Warszaw\u0119 i Krak\u00f3w. Ostatnim punktem wizyty by\u0142o Auschwitz. Towarzysz\u0105cy hiszpa\u0144skiemu arty\u015bcie Pierre Daix odnotowa\u0142, \u017ce Picasso by\u0142 w O\u015bwi\u0119cimiu bardzo poruszony i p\u0142aka\u0142. R\u00f3wnocze\u015bnie, w sztuce artysty trudno odnale\u017a\u0107 dzie\u0142a stanowi\u0105ce rozliczenie z Holocaustem. &#8220;G\u0142owa wi\u0119\u017ania&#8221; jest unikatowym przyk\u0142adem tej tematyki w tw\u00f3rczo\u015bci Picassa.<\/p>\n<p>Pablo Picasso (1881-1973) &#8211; hiszpa\u0144ski malarz, rze\u017abiarz, grafik oraz ceramik, uznawany za jednego z najwybitniejszych artyst\u00f3w XX wieku. On i Georges Braque s\u0105 tw\u00f3rcami nurtu malarstwa zwanego kubizmem. Od najm\u0142odszych lat Pablo ujawnia\u0142 sw\u00f3j talent malarski i plastyczny. Najpierw kszta\u0142ci\u0142 si\u0119 w Hiszpanii, p\u00f3\u017aniej w Pary\u017cu (1901-1922), gdzie znaczny wp\u0142yw na jego tw\u00f3rczo\u015b\u0107 mia\u0142o zetkni\u0119cie z postimpresjonistami (m.in. Henrim de Toulouse-Lautrekiem, kt\u00f3ry mia\u0142 du\u017cy wp\u0142yw na jego tw\u00f3rczo\u015b\u0107 sprzed 1901 roku). Prace Picassa z lat 1901-1904 okre\u015bla si\u0119 jako okres b\u0142\u0119kitny. By\u0142y to dzie\u0142a utrzymane w kolorycie melancholijnym, ukazuj\u0105ce tematyk\u0119 i postaci os\u00f3b biednych (\u017bycie, Stary gitarzysta, Dwie siostry, Prasowaczka). Jego pracownia mie\u015bci\u0142a si\u0119 przy ulicy La Boetie. Od 1904 mieszka\u0142 w Bateau-Lavoir przy ulicy Ravignan 13. Po tym okresie tw\u00f3rczo\u015b\u0107 Picassa wesz\u0142a w okres r\u00f3\u017cowy, mi\u0119dzy innymi sceny z \u017cycia cyrkowc\u00f3w (Dziewczyna na kuli, Kuglarze, Toaleta, Rodzina arlekina). Od 1907 Picasso pod wp\u0142ywem Paula C\u00e9zanne\u2019a oraz sztuki iberyjskiej i afryka\u0144skiej rozpocz\u0105\u0142 tw\u00f3rcze eksperymenty z geometryzacj\u0105 i uproszczeniem formy, kt\u00f3re da\u0142y pocz\u0105tek kubizmowi (Panny z Awinionu, Portret Gertrudy Stein). W dalszym okresie po wsp\u00f3\u0142pracy z Georgesem Brakiem skrystalizowa\u0142y si\u0119 zasady kubizmu analitycznego, hermetycznego i syntetycznego. Za manifest kubizmu uwa\u017cana by\u0142a premiera utworu scenicznego Parady do libretta Jean Cocteau, do kt\u00f3rego muzyk\u0119 napisa\u0142 Erik Satie, a scenografi\u0119 zaprojektowa\u0142 Picasso. Wystawiony zosta\u0142 w 1917 przez &#8220;Balety Rosyjskie&#8221; Siergieja Diagilewa. Nast\u0119pne lata charakteryzowa\u0142y ci\u0105g\u0142e poszukiwania tw\u00f3rcze. Gdy wybuch\u0142a wojna domowa w Hiszpanii, opowiedzia\u0142 si\u0119 po stronie republika\u0144skiej, a w 1937 na zam\u00f3wienie republika\u0144skiego rz\u0105du Hiszpanii za 200 tys. peset namalowa\u0142 s\u0142ynn\u0105 Guernic\u0119, obraz wystawiony w Pawilonie Hiszpanii na Wystawie \u015awiatowej w Pary\u017cu. Okres II wojny \u015bwiatowej sp\u0119dzi\u0142 w Pary\u017cu, w 1944 wst\u0105pi\u0142 do Francuskiej Partii Komunistycznej, a po wojnie zaanga\u017cowa\u0142 si\u0119 po stronie ruch\u00f3w lewicowych i pokojowych. W 1946 wyjecha\u0142 na Lazurowe Wybrze\u017ce. W 1948 zamieszka\u0142 w Vallauris. W 1948 Picasso przyjecha\u0142 do Polski, wzi\u0105\u0142 udzia\u0142 w \u015awiatowym Kongresie Intelektualist\u00f3w w Obronie Pokoju we Wroc\u0142awiu, a tak\u017ce odwiedzi\u0142 Warszaw\u0119, gdzie podarowa\u0142 Muzeum Narodowemu swoj\u0105 kolekcj\u0119 ceramiki, rysunk\u00f3w i barwnych druk\u00f3w. Sygnatariusz apelu sztokholmskiego w 1950 roku. W 1950 roku otrzyma\u0142 Mi\u0119dzynarodow\u0105 Leninowsk\u0105 Nagrod\u0119 Pokoju (zwan\u0105 w\u00f3wczas Nagrod\u0105 Stalinowsk\u0105)[3]. W latach 40. malowa\u0142 obrazy antywojenne (Masakra w Korei, Wojna, Pok\u00f3j). Okres tw\u00f3rczo\u015bci powojennej Picassa jest bardzo bogaty, r\u00f3\u017cnorodny i nie poddaj\u0105cy si\u0119 klasyfikacji. (\u017ar\u00f3d\u0142o: Desa Unicum)<\/p>\n<p>Literatura &#8211; por. Picasso w zbiorach polskich, katalog wystawy w Muzeum Narodowym w Warszawie, Dorota Folga-Januszewska, Warszawa 1995, s. 43 (il.), poz. kat. 57; &#8211; por. Picasso w Polsce, red. Mieczys\u0142aw Bibrowski, Krak\u00f3w 1979, s. nlb. (il.), nr kat. 35; &#8211; por. Mieczys\u0142aw Bibrowski, Towarzysz Picasso w Polsce, &#8220;Polityka&#8221; 1966, nr 4, s. 6 (il., jako akwaforta); &#8211; por. &#8220;Trybuna Ludu&#8221;, 28 I 1955 (il.)<\/p>\n","protected":false},"excerpt":{"rendered":"<p>Litografia na papierze<br \/>\nWymiary w \u015bw. p-p: 27 x 21 cm, 39 x 33 cm (z ram\u0105)<br \/>\nSygnowana na p\u0142ycie p.g.: &#8216;Picasso&#8217;<br \/>\nStan zachowania: bardzo dobry<\/p>\n","protected":false},"featured_media":6054,"template":"","meta":{"_monsterinsights_skip_tracking":false,"_monsterinsights_sitenote_active":false,"_monsterinsights_sitenote_note":"","_monsterinsights_sitenote_category":0,"_themeisle_gutenberg_block_has_review":false},"product_cat":[41],"product_tag":[82],"class_list":["post-6052","product","type-product","status-publish","has-post-thumbnail","hentry","product_cat-grafiki","product_tag-picasso-pablo","product_shipping_class-rodzaj-wysylki-2"],"aioseo_notices":[],"_links":{"self":[{"href":"https:\/\/kwintesencja.art\/pl\/wp-json\/wp\/v2\/product\/6052","targetHints":{"allow":["GET"]}}],"collection":[{"href":"https:\/\/kwintesencja.art\/pl\/wp-json\/wp\/v2\/product"}],"about":[{"href":"https:\/\/kwintesencja.art\/pl\/wp-json\/wp\/v2\/types\/product"}],"wp:featuredmedia":[{"embeddable":true,"href":"https:\/\/kwintesencja.art\/pl\/wp-json\/wp\/v2\/media\/6054"}],"wp:attachment":[{"href":"https:\/\/kwintesencja.art\/pl\/wp-json\/wp\/v2\/media?parent=6052"}],"wp:term":[{"taxonomy":"product_cat","embeddable":true,"href":"https:\/\/kwintesencja.art\/pl\/wp-json\/wp\/v2\/product_cat?post=6052"},{"taxonomy":"product_tag","embeddable":true,"href":"https:\/\/kwintesencja.art\/pl\/wp-json\/wp\/v2\/product_tag?post=6052"}],"curies":[{"name":"wp","href":"https:\/\/api.w.org\/{rel}","templated":true}]}}

Głowa więźnia oświęcimskiego

<p>Litografia powstała w ramach przygotowań do paryskiego wieczoru upamiętniającego dziesiątą rocznicę wyzwolenia obozu koncentracyjnego w Auschwitz. Praca Picassa towarzyszyła koncertom i prelekcjom, które odbyły się na lewym brzegu Sekwany 23 stycznia 1955. Litografia była jednak czymś więcej niż efemerycznym, okolicznościowym drukiem. Jeszcze w styczniu była reprodukowana w międzynarodowej prasie; w Polsce przedrukowała ja &#8220;Trybuna Ludu&#8221;.; Prawie wszystkie grafiki Picassa z lat pięćdziesiątych powstały w Studio Mourlot. Artysta rozpoczął współpracę z właścicielem, Fernandem Mourlot, w 1945 roku, zachęcony pozytywnymi opiniami Henriego Matisse`a i Georges`a Braque`a. Początkowo doskonalił swój warsztat pod skrzydłami wydawcy, po czym, od końca lat czterdziestych, zlecał mu już tylko projekty do realizacji. Studio Mourlot cieszyło się w Paryżu wielką renomą i, już od lat trzydziestych skupiało szereg ważnych artystów, m.in.: Miro, Chagalla, Braque`a, Giacomettiego i Dubuffeta.;</p>
<p>&#8220;Głowa więźnia&#8221; jest dziełem wyjątkowym na tle innych prac wychodzących ze studia, a także na tle dzieł Picassa z tego okresu. Rozpatrywać ją można przede wszystkim na tle antywojennych obrazów, które artysta tworzył od lat czterdziestych. Picasso znany był ze swoich bezkompromisowych poglądów politycznych i zaangażowania w kongresy pokoju i ruch komunistyczny. Jedna z najbardziej znanych anegdot o malarzu dotyczy rozmowy, która Picasso miał odbyć w swoim studio z niemieckim oficerem podczas okupacji. Żołnierz oglądając szkice dokumentujące powstawanie &#8220;Guernici&#8221; z 1937 miał zapytać: &#8220;Pan to zrobił?&#8221;. Odpowiedź Picassa brzmiała: &#8220;Wy to zrobiliście&#8221;.; Oskarżycielskiego tonu brak jednak w większości antywojennych prac Picassa. &#8220;Głowa więźnia&#8221; jest tego dobrym przykładem. Artysta nie wskazuje winowajców, ale skupia się na ukazaniu ofiary. Unika przesadnej ekspresji i hiperbolizacji.; Picasso widział obóz w Oświęcimiu podczas swojej podróży na Polski w 1948 roku. Artysta, zaproszony na Kongres Intelektualistów w Obronie Pokoju, który odbył się we Wrocławiu, po zakończeniu oficjalnych wystąpień udał się w krótką podróż. Odwiedził m.in. Warszawę i Kraków. Ostatnim punktem wizyty było Auschwitz. Towarzyszący hiszpańskiemu artyście Pierre Daix odnotował, że Picasso był w Oświęcimiu bardzo poruszony i płakał. Równocześnie, w sztuce artysty trudno odnaleźć dzieła stanowiące rozliczenie z Holocaustem. &#8220;Głowa więźnia&#8221; jest unikatowym przykładem tej tematyki w twórczości Picassa.</p>
<p>Pablo Picasso (1881-1973) &#8211; hiszpański malarz, rzeźbiarz, grafik oraz ceramik, uznawany za jednego z najwybitniejszych artystów XX wieku. On i Georges Braque są twórcami nurtu malarstwa zwanego kubizmem. Od najmłodszych lat Pablo ujawniał swój talent malarski i plastyczny. Najpierw kształcił się w Hiszpanii, później w Paryżu (1901-1922), gdzie znaczny wpływ na jego twórczość miało zetknięcie z postimpresjonistami (m.in. Henrim de Toulouse-Lautrekiem, który miał duży wpływ na jego twórczość sprzed 1901 roku). Prace Picassa z lat 1901-1904 określa się jako okres błękitny. Były to dzieła utrzymane w kolorycie melancholijnym, ukazujące tematykę i postaci osób biednych (Życie, Stary gitarzysta, Dwie siostry, Prasowaczka). Jego pracownia mieściła się przy ulicy La Boetie. Od 1904 mieszkał w Bateau-Lavoir przy ulicy Ravignan 13. Po tym okresie twórczość Picassa weszła w okres różowy, między innymi sceny z życia cyrkowców (Dziewczyna na kuli, Kuglarze, Toaleta, Rodzina arlekina). Od 1907 Picasso pod wpływem Paula Cézanne’a oraz sztuki iberyjskiej i afrykańskiej rozpoczął twórcze eksperymenty z geometryzacją i uproszczeniem formy, które dały początek kubizmowi (Panny z Awinionu, Portret Gertrudy Stein). W dalszym okresie po współpracy z Georgesem Brakiem skrystalizowały się zasady kubizmu analitycznego, hermetycznego i syntetycznego. Za manifest kubizmu uważana była premiera utworu scenicznego Parady do libretta Jean Cocteau, do którego muzykę napisał Erik Satie, a scenografię zaprojektował Picasso. Wystawiony został w 1917 przez &#8220;Balety Rosyjskie&#8221; Siergieja Diagilewa. Następne lata charakteryzowały ciągłe poszukiwania twórcze. Gdy wybuchła wojna domowa w Hiszpanii, opowiedział się po stronie republikańskiej, a w 1937 na zamówienie republikańskiego rządu Hiszpanii za 200 tys. peset namalował słynną Guernicę, obraz wystawiony w Pawilonie Hiszpanii na Wystawie Światowej w Paryżu. Okres II wojny światowej spędził w Paryżu, w 1944 wstąpił do Francuskiej Partii Komunistycznej, a po wojnie zaangażował się po stronie ruchów lewicowych i pokojowych. W 1946 wyjechał na Lazurowe Wybrzeże. W 1948 zamieszkał w Vallauris. W 1948 Picasso przyjechał do Polski, wziął udział w Światowym Kongresie Intelektualistów w Obronie Pokoju we Wrocławiu, a także odwiedził Warszawę, gdzie podarował Muzeum Narodowemu swoją kolekcję ceramiki, rysunków i barwnych druków. Sygnatariusz apelu sztokholmskiego w 1950 roku. W 1950 roku otrzymał Międzynarodową Leninowską Nagrodę Pokoju (zwaną wówczas Nagrodą Stalinowską)[3]. W latach 40. malował obrazy antywojenne (Masakra w Korei, Wojna, Pokój). Okres twórczości powojennej Picassa jest bardzo bogaty, różnorodny i nie poddający się klasyfikacji. (źródło: Desa Unicum)</p>
<p>Literatura &#8211; por. Picasso w zbiorach polskich, katalog wystawy w Muzeum Narodowym w Warszawie, Dorota Folga-Januszewska, Warszawa 1995, s. 43 (il.), poz. kat. 57; &#8211; por. Picasso w Polsce, red. Mieczysław Bibrowski, Kraków 1979, s. nlb. (il.), nr kat. 35; &#8211; por. Mieczysław Bibrowski, Towarzysz Picasso w Polsce, &#8220;Polityka&#8221; 1966, nr 4, s. 6 (il., jako akwaforta); &#8211; por. &#8220;Trybuna Ludu&#8221;, 28 I 1955 (il.)</p>

<p>Litografia na papierze<br />
Wymiary w św. p-p: 27 x 21 cm, 39 x 33 cm (z ramą)<br />
Sygnowana na płycie p.g.: &#8216;Picasso&#8217;<br />
Stan zachowania: bardzo dobry</p>
