{"id":4765,"date":"2023-10-04T20:44:25","date_gmt":"2023-10-04T18:44:25","guid":{"rendered":"https:\/\/kwintesencja.art\/?post_type=product&#038;p=4765"},"modified":"2025-12-01T10:33:37","modified_gmt":"2025-12-01T09:33:37","slug":"autoportret-z-dedykacja-dla-dr-eloesseu","status":"publish","type":"product","link":"https:\/\/kwintesencja.art\/pl\/product\/autoportret-z-dedykacja-dla-dr-eloesseu\/","title":{"rendered":"Autoportret z dedykacj\u0105 dla dr Eloesseu"},"content":{"rendered":"<p>Frida Kahlo by\u0142a meksyka\u0144sk\u0105 malark\u0105 \u017cyj\u0105c\u0105 w pierwszej po\u0142owie XX wieku. Urodzi\u0142a si\u0119 w 1907 roku w rodzinie wielodzietnej na przedmie\u015bciach Meksyku. Jej ojciec by\u0142 artyst\u0105 \u2013 zajmowa\u0142 si\u0119 fotografi\u0105 oraz malarstwem. Swoj\u0105 pasj\u0105 zarazi\u0142 c\u00f3rk\u0119, gdy mia\u0142a osiemna\u015bcie lat \u2013 od tego czasu Frida porzuci\u0142a marzenia o medycynie, aby odda\u0107 si\u0119 uwiecznianiu \u015bwiata czy to na p\u0142\u00f3tnie, czy w kadrze aparatu.<\/p>\n<p>Jej sztuka wyra\u017anie nawi\u0105zywa\u0142a do kultury meksyka\u0144skiej oraz india\u0144skiej. W zwi\u0105zku z tym cz\u0119sto uznawano j\u0105 za przejaw prymitywizmu, czyli sztuki naiwnej, a tak\u017ce sztuk\u0119 folkow\u0105 czy te\u017c surrealistyczn\u0105. Artystka ju\u017c od dziecka mia\u0142a problemy ze zdrowiem. W wieku sze\u015bciu lat przesz\u0142a polio, natomiast kilka lat p\u00f3\u017aniej uczestniczy\u0142a w wypadku komunikacyjnym. W jego wyniku do\u015bwiadczy\u0142a bardzo powa\u017cnych obra\u017ce\u0144, mi\u0119dzy innymi z\u0142amania kr\u0119gos\u0142upa. Chocia\u017c uda\u0142o jej si\u0119, po d\u0142ugotrwa\u0142ej rehabilitacji, stan\u0105\u0107 na nogi, do ko\u0144ca \u017cycia zmaga\u0142a si\u0119 z b\u00f3lem b\u0119d\u0105cym skutkiem wcze\u015bniejszego zaj\u015bcia.<\/p>\n","protected":false},"excerpt":{"rendered":"<p>Grafika, edycja limitowana na papierze Fabriano Cotton Privilege.<br \/>\nKa\u017cda grafika jest indywidualnie numerowana.<br \/>\nNapis o\u0142\u00f3wkiem l.d.: 63\/250, p.d.: faksymile \u201eFrida Kahlo\u201d.<br \/>\nWymiary: 50 cm x 70 cm (arkusz)<br \/>\nNa dole sucha piecz\u0119\u0107 wydawcy<br \/>\nNa odwrocie hologram.<br \/>\nStan zachowania: bardzo dobry<\/p>\n","protected":false},"featured_media":8711,"template":"","meta":{"_monsterinsights_skip_tracking":false,"_monsterinsights_sitenote_active":false,"_monsterinsights_sitenote_note":"","_monsterinsights_sitenote_category":0,"_themeisle_gutenberg_block_has_review":false},"product_cat":[41],"product_tag":[246,350],"class_list":["post-4765","product","type-product","status-publish","has-post-thumbnail","hentry","product_cat-grafiki","product_tag-kahlo-frida","product_tag-wyprzedaz","product_shipping_class-rodzaj-wysylki-2"],"aioseo_notices":[],"_links":{"self":[{"href":"https:\/\/kwintesencja.art\/pl\/wp-json\/wp\/v2\/product\/4765","targetHints":{"allow":["GET"]}}],"collection":[{"href":"https:\/\/kwintesencja.art\/pl\/wp-json\/wp\/v2\/product"}],"about":[{"href":"https:\/\/kwintesencja.art\/pl\/wp-json\/wp\/v2\/types\/product"}],"wp:featuredmedia":[{"embeddable":true,"href":"https:\/\/kwintesencja.art\/pl\/wp-json\/wp\/v2\/media\/8711"}],"wp:attachment":[{"href":"https:\/\/kwintesencja.art\/pl\/wp-json\/wp\/v2\/media?parent=4765"}],"wp:term":[{"taxonomy":"product_cat","embeddable":true,"href":"https:\/\/kwintesencja.art\/pl\/wp-json\/wp\/v2\/product_cat?post=4765"},{"taxonomy":"product_tag","embeddable":true,"href":"https:\/\/kwintesencja.art\/pl\/wp-json\/wp\/v2\/product_tag?post=4765"}],"curies":[{"name":"wp","href":"https:\/\/api.w.org\/{rel}","templated":true}]}}

Autoportret z dedykacją dla dr Eloesseu

<p>Frida Kahlo była meksykańską malarką żyjącą w pierwszej połowie XX wieku. Urodziła się w 1907 roku w rodzinie wielodzietnej na przedmieściach Meksyku. Jej ojciec był artystą – zajmował się fotografią oraz malarstwem. Swoją pasją zaraził córkę, gdy miała osiemnaście lat – od tego czasu Frida porzuciła marzenia o medycynie, aby oddać się uwiecznianiu świata czy to na płótnie, czy w kadrze aparatu.</p>
<p>Jej sztuka wyraźnie nawiązywała do kultury meksykańskiej oraz indiańskiej. W związku z tym często uznawano ją za przejaw prymitywizmu, czyli sztuki naiwnej, a także sztukę folkową czy też surrealistyczną. Artystka już od dziecka miała problemy ze zdrowiem. W wieku sześciu lat przeszła polio, natomiast kilka lat później uczestniczyła w wypadku komunikacyjnym. W jego wyniku doświadczyła bardzo poważnych obrażeń, między innymi złamania kręgosłupa. Chociaż udało jej się, po długotrwałej rehabilitacji, stanąć na nogi, do końca życia zmagała się z bólem będącym skutkiem wcześniejszego zajścia.</p>

<p>Grafika, edycja limitowana na papierze Fabriano Cotton Privilege.<br />
Każda grafika jest indywidualnie numerowana.<br />
Napis ołówkiem l.d.: 63/250, p.d.: faksymile „Frida Kahlo”.<br />
Wymiary: 50 cm x 70 cm (arkusz)<br />
Na dole sucha pieczęć wydawcy<br />
Na odwrocie hologram.<br />
Stan zachowania: bardzo dobry</p>
