{"id":3688,"date":"2023-01-11T20:03:48","date_gmt":"2023-01-11T19:03:48","guid":{"rendered":"https:\/\/kwintesencja.art\/?post_type=product&#038;p=3688"},"modified":"2023-05-14T22:32:50","modified_gmt":"2023-05-14T20:32:50","slug":"portret-damy-w-futrze","status":"publish","type":"product","link":"https:\/\/kwintesencja.art\/pl\/product\/portret-damy-w-futrze\/","title":{"rendered":"Portret damy w futrze"},"content":{"rendered":"<p>Gustav Klimt (ur. 14 lipca 1862 roku w Baumgarten, dzi\u015b w Penzing, 14 dzielnicy Wiednia, zm. 6 lutego 1918 w Wiedniu) \u2013 austriacki malarz i grafik. Jeden z za\u0142o\u017cycieli Secesji Wiede\u0144skiej i jej pierwszy prezydent.<br \/>\nObrazy Gustava Klimta przedstawiaj\u0105 cz\u0119sto emanuj\u0105ce erotyzmem postacie kobiece jako wyraz ludzkich zwi\u0105zk\u00f3w \u017cyciowych i uczu\u0107 takich jak nadzieja, mi\u0142o\u015b\u0107 i \u015bmier\u0107. Z tego te\u017c powodu sta\u0142 si\u0119 bardzo poszukiwanym portrecist\u0105 kobiet w Wiedniu.<br \/>\nTw\u00f3rczo\u015b\u0107 Klimta podzieli\u0107 mo\u017cna na kilka okres\u00f3w: historyzm (1879\u201380), inspiracja antykiem (1886\u20131891, monumentalne prace w Burgtheater i Muzeum Historii Sztuki w Wiedniu), impresjonizm (<i>Schubert przy fortepianie<\/i> (1896), <i>M\u0142oda kobieta w fotelu<\/i> (1896), <i>Portret damy<\/i> (1897), <i>Dama (kobieta) przy kominku<\/i> (1897\/98), <i>Dama (kobieta) w fotelu<\/i> (1897\/98) oraz portret Sonji Knip (1898)) i od 1897 r. secesja. Od po\u0142owy lat 90-tych XIX wieku u\u017cy\u0142 w kilku obrazach z\u0142otego t\u0142a, co ukazyje wp\u0142yw sztuki japo\u0144skiej (japonizm). Zastosowanie z\u0142ota w obrazach jest charakterystyczne dla Gustava Klimta. (wyznanie katolickie)<\/p>\n","protected":false},"excerpt":{"rendered":"<p>Tytu\u0142: Portret damy w futrze<br \/>\nAutor: Gustav Klimt<br \/>\nRok: 1967<br \/>\nTechnika: Grafika pochodzi z teczki wydanej przez Albertina Muzeum w 1967 roku<br \/>\nNr pozycji 23 (odci\u015bni\u0119ty na dole passepartout)<br \/>\nSygnratura: l.d.: faksymile &#8211; Gustav Klimt<br \/>\nWymiary: w \u015bw p-p.: 31,5 x 48 cm, zewnetrzny: 42 x 59,5 cm<br \/>\nStan zachowania: bardzo dobry<br \/>\nPochodzenie: Praca zakupiona w Wiedniu<br \/>\nCertyfikat autentyczno\u015bci<\/p>\n","protected":false},"featured_media":3682,"template":"","meta":{"_monsterinsights_skip_tracking":false,"_monsterinsights_sitenote_active":false,"_monsterinsights_sitenote_note":"","_monsterinsights_sitenote_category":0,"_themeisle_gutenberg_block_has_review":false},"product_cat":[41],"product_tag":[212],"class_list":["post-3688","product","type-product","status-publish","has-post-thumbnail","hentry","product_cat-grafiki","product_tag-klimt-gustav","product_shipping_class-rodzaj-wysylki-2"],"aioseo_notices":[],"_links":{"self":[{"href":"https:\/\/kwintesencja.art\/pl\/wp-json\/wp\/v2\/product\/3688","targetHints":{"allow":["GET"]}}],"collection":[{"href":"https:\/\/kwintesencja.art\/pl\/wp-json\/wp\/v2\/product"}],"about":[{"href":"https:\/\/kwintesencja.art\/pl\/wp-json\/wp\/v2\/types\/product"}],"wp:featuredmedia":[{"embeddable":true,"href":"https:\/\/kwintesencja.art\/pl\/wp-json\/wp\/v2\/media\/3682"}],"wp:attachment":[{"href":"https:\/\/kwintesencja.art\/pl\/wp-json\/wp\/v2\/media?parent=3688"}],"wp:term":[{"taxonomy":"product_cat","embeddable":true,"href":"https:\/\/kwintesencja.art\/pl\/wp-json\/wp\/v2\/product_cat?post=3688"},{"taxonomy":"product_tag","embeddable":true,"href":"https:\/\/kwintesencja.art\/pl\/wp-json\/wp\/v2\/product_tag?post=3688"}],"curies":[{"name":"wp","href":"https:\/\/api.w.org\/{rel}","templated":true}]}}

<p>Gustav Klimt (ur. 14 lipca 1862 roku w Baumgarten, dziś w Penzing, 14 dzielnicy Wiednia, zm. 6 lutego 1918 w Wiedniu) – austriacki malarz i grafik. Jeden z założycieli Secesji Wiedeńskiej i jej pierwszy prezydent.<br />
Obrazy Gustava Klimta przedstawiają często emanujące erotyzmem postacie kobiece jako wyraz ludzkich związków życiowych i uczuć takich jak nadzieja, miłość i śmierć. Z tego też powodu stał się bardzo poszukiwanym portrecistą kobiet w Wiedniu.<br />
Twórczość Klimta podzielić można na kilka okresów: historyzm (1879–80), inspiracja antykiem (1886–1891, monumentalne prace w Burgtheater i Muzeum Historii Sztuki w Wiedniu), impresjonizm (<i>Schubert przy fortepianie</i> (1896), <i>Młoda kobieta w fotelu</i> (1896), <i>Portret damy</i> (1897), <i>Dama (kobieta) przy kominku</i> (1897/98), <i>Dama (kobieta) w fotelu</i> (1897/98) oraz portret Sonji Knip (1898)) i od 1897 r. secesja. Od połowy lat 90-tych XIX wieku użył w kilku obrazach złotego tła, co ukazyje wpływ sztuki japońskiej (japonizm). Zastosowanie złota w obrazach jest charakterystyczne dla Gustava Klimta. (wyznanie katolickie)</p>

<p>Tytuł: Portret damy w futrze<br />
Autor: Gustav Klimt<br />
Rok: 1967<br />
Technika: Grafika pochodzi z teczki wydanej przez Albertina Muzeum w 1967 roku<br />
Nr pozycji 23 (odciśnięty na dole passepartout)<br />
Sygnratura: l.d.: faksymile &#8211; Gustav Klimt<br />
Wymiary: w św p-p.: 31,5 x 48 cm, zewnetrzny: 42 x 59,5 cm<br />
Stan zachowania: bardzo dobry<br />
Pochodzenie: Praca zakupiona w Wiedniu<br />
Certyfikat autentyczności</p>
