{"id":9803,"date":"2026-04-26T21:04:18","date_gmt":"2026-04-26T19:04:18","guid":{"rendered":"https:\/\/kwintesencja.art\/?post_type=product&#038;p=9803"},"modified":"2026-04-26T21:08:24","modified_gmt":"2026-04-26T19:08:24","slug":"wiejska-ulica","status":"publish","type":"product","link":"https:\/\/kwintesencja.art\/en\/product\/wiejska-ulica\/","title":{"rendered":"Wiejska ulica"},"content":{"rendered":"<p><b>W\u0142odzimierz Terlikowski<\/b> (Vladimir de Terlikowski) \u2013 polski malarz zwi\u0105zany ze \u015brodowiskiem \u00c9cole de Paris. Od ok. 1911 roku mieszka\u0142 na sta\u0142e w Pary\u017cu, du\u017co podr\u00f3\u017cowa\u0142, malowa\u0142 pejza\u017ce (m.in. breto\u0144skie i francuskie), martwe natury oraz portrety. Jego znakiem rozpoznawczym sta\u0142a si\u0119 g\u0119sta, \u201eszpachlowa\u201d materia malarska i \u017cywa, kontrastowa kolorystyka. Wystawia\u0142 m.in. w Pary\u017cu, a tak\u017ce w Wenecji, Brukseli i w Polsce.<\/p>","protected":false},"excerpt":{"rendered":"<p><b>W\u0142odzimierz (Vladimir de) TERLIKOWSKI (1873, Poraj k. \u0141odzi \u2013 1951, Pary\u017c)<br \/>\n<\/b><strong>Wiejska ulica<\/strong>, 1915<br \/>\n<strong>olej, p\u0142\u00f3tno<\/strong>, 55 \u00d7 46 cm, 70 x 61 cm<br \/>\n<strong>sygnowany i datowany p.d.<\/strong>: \u201eW. de Terlikowski 1915\u201d<\/p>","protected":false},"featured_media":9804,"template":"","meta":{"_monsterinsights_skip_tracking":false,"_monsterinsights_sitenote_active":false,"_monsterinsights_sitenote_note":"","_monsterinsights_sitenote_category":0,"_themeisle_gutenberg_block_has_review":false},"product_cat":[39],"product_tag":[240,350],"class_list":["post-9803","product","type-product","status-publish","has-post-thumbnail","hentry","product_cat-obrazy","product_tag-terlikowski-wlodzimierz","product_tag-wyprzedaz","product_shipping_class-rodzaj-wysylki-3"],"aioseo_notices":[],"_links":{"self":[{"href":"https:\/\/kwintesencja.art\/en\/wp-json\/wp\/v2\/product\/9803","targetHints":{"allow":["GET"]}}],"collection":[{"href":"https:\/\/kwintesencja.art\/en\/wp-json\/wp\/v2\/product"}],"about":[{"href":"https:\/\/kwintesencja.art\/en\/wp-json\/wp\/v2\/types\/product"}],"wp:featuredmedia":[{"embeddable":true,"href":"https:\/\/kwintesencja.art\/en\/wp-json\/wp\/v2\/media\/9804"}],"wp:attachment":[{"href":"https:\/\/kwintesencja.art\/en\/wp-json\/wp\/v2\/media?parent=9803"}],"wp:term":[{"taxonomy":"product_cat","embeddable":true,"href":"https:\/\/kwintesencja.art\/en\/wp-json\/wp\/v2\/product_cat?post=9803"},{"taxonomy":"product_tag","embeddable":true,"href":"https:\/\/kwintesencja.art\/en\/wp-json\/wp\/v2\/product_tag?post=9803"}],"curies":[{"name":"wp","href":"https:\/\/api.w.org\/{rel}","templated":true}]}}

<p><b>Włodzimierz Terlikowski</b> (Vladimir de Terlikowski) – polski malarz związany ze środowiskiem École de Paris. Od ok. 1911 roku mieszkał na stałe w Paryżu, dużo podróżował, malował pejzaże (m.in. bretońskie i francuskie), martwe natury oraz portrety. Jego znakiem rozpoznawczym stała się gęsta, „szpachlowa” materia malarska i żywa, kontrastowa kolorystyka. Wystawiał m.in. w Paryżu, a także w Wenecji, Brukseli i w Polsce.</p>

<p><b>Włodzimierz (Vladimir de) TERLIKOWSKI (1873, Poraj k. Łodzi – 1951, Paryż)<br />
</b><strong>Wiejska ulica</strong>, 1915<br />
<strong>olej, płótno</strong>, 55 × 46 cm, 70 x 61 cm<br />
<strong>sygnowany i datowany p.d.</strong>: „W. de Terlikowski 1915”</p>
