{"id":898,"date":"2022-03-04T11:35:18","date_gmt":"2022-03-04T10:35:18","guid":{"rendered":"https:\/\/kwintesencja.dkonto.pl\/?post_type=product&#038;p=898"},"modified":"2022-07-05T10:12:28","modified_gmt":"2022-07-05T08:12:28","slug":"wariat-i-zakonnica","status":"publish","type":"product","link":"https:\/\/kwintesencja.art\/en\/product\/wariat-i-zakonnica\/","title":{"rendered":"Wariat i Zakonnica"},"content":{"rendered":"<div class=\"_1h7wt msts_9u _0d3bd_1NgnH\" data-reactroot=\"\">\n<div>\n<div class=\"mpof_ki myre_zn myre_8v_l _0d3bd_YrWCD\">\n<div class=\"mp4t_16_s mryx_16_s mr3m_1 mli2_1 mh85_56 mh85_0_l\">\n<div class=\"mgn2_16 _0d3bd_5pK0q\">\n<p>Fragment opisu z cricoteka pl<\/p>\n<p>Wariat i zakonnica, 1963 \u2013 Teatr zerowy<\/p>\n<p>\u201c(\u2026)<\/p>\n<p>NOTATKI DO TEATRU \u201cZEROWEGO\u201d.<\/p>\n<p>Spr\u00f3bujmy zgromadzi\u0107 objawy \u017cyciowej aktywno\u015bci o du\u017cym \u0142adunku<\/p>\n<p>emocjonalnym i tre\u015bciowym\u2026<\/p>\n<p>m i \u0142 o \u015b \u0107,\u00a0 z a z d r o \u015b \u0107,\u00a0 \u017c \u0105 d z a,\u00a0 n a m i \u0119 t n o \u015b \u0107,\u00a0 c h c i w o \u015b \u0107, p r z e b i e g \u0142 o \u015b \u0107,\u00a0 t c h \u00f3 r z o s t w o,\u00a0 z e m s t a,\u00a0 m o r d e r s t w o,\u00a0 s a m o b \u00f3 j s t w o,\u00a0 w o j n a,\u00a0 b o h a t e r s t w o,\u00a0 \u00a0 \u00a0 s t r a c h,\u00a0 c i e r p i e n i e \u2026<\/p>\n<p>Ten nie byle jaki materia\u0142 wybuchowy s\u0142u\u017cy\u0142 teatrowi i sztuce d\u0142ugo do wymy\u015blania literackiej fabu\u0142y, dramatycznych akcji, powik\u0142a\u0144, konflikt\u00f3w i sensacji.<\/p>\n<p>Jego w\u0142a\u015bciwo\u015bci i tendencje do\u00a0 e k s p a n s j i\u00a0 i\u00a0 r o z \u0142 a d o w a n i a\u00a0 zadecydowa\u0142y o rodzaju \u015brodk\u00f3w formalnych, oczywi\u015bcie skutecznych i o podobnej naturze:<\/p>\n<p>w y r a \u017c a n i e,<\/p>\n<p>k s z t a \u0142 t o w a n i e,<\/p>\n<p>f o r m a,<\/p>\n<p>i l u z j a,<\/p>\n<p>z w i \u0105 z k i\u00a0 n a t u r a l i s t y c z n e\u00a0 z \u017cyciem,<\/p>\n<p>\u201cfiguratywno\u015b\u0107\u201d\u2026<\/p>\n<p>(Tadeusz Kantor, Metamorfozy. Teksty o latach 1938 \u2013 1974 , wyb\u00f3r i opracowanie Krzysztof Ple\u015bniarowicz, Cricoteka, Ksi\u0119garnia Akademicka, Krak\u00f3w 2000, s.268)<\/p>\n<p>Zobacz te\u017c inne moje aukcje: malarstwo olejne, grafiki.<\/p>\n<\/div>\n<\/div>\n<\/div>\n<\/div>\n<\/div>","protected":false},"excerpt":{"rendered":"<p>Oryginalny Program Teatru \u201eCricot 2&#8243; Tadeusz Kantor pt. \u201eWariat i Zakonnica\u201d z 1963 roku.<\/p>\n<p>Tekst w j\u0119zyku polskim i francuskim. R\u0119czne dopiski.<\/p>\n<p>Teatr autonomiczny &#8211; Teatr Cricot 2 &#8211; Galeria Krzysztofory, Krak\u00f3w 1963, wymiary 10 x 29 cm, str 8 + 11<\/p>\n<p>Dwie broszury &#8211; pierwsza zawieraj\u0105ce tekst Tadeusza Kantora Teatr autonomiczny, druga opis dramatu Stanis\u0142awa Ignacego Witkiewicza Wariat i Zakonnica [sztuka napisana w 1923 roku] wystawianego przez Teatr Cricot 2 w Galerii Krzysztofory [premiera 8 czerwca 1963 roku].<\/p>","protected":false},"featured_media":900,"template":"","meta":{"_monsterinsights_skip_tracking":false,"_monsterinsights_sitenote_active":false,"_monsterinsights_sitenote_note":"","_monsterinsights_sitenote_category":0,"_themeisle_gutenberg_block_has_review":false},"product_cat":[15],"product_tag":[56],"class_list":["post-898","product","type-product","status-publish","has-post-thumbnail","hentry","product_cat-pozostale","product_tag-kantor-tadeusz","product_shipping_class-rodzaj-wysylki-1"],"aioseo_notices":[],"_links":{"self":[{"href":"https:\/\/kwintesencja.art\/en\/wp-json\/wp\/v2\/product\/898","targetHints":{"allow":["GET"]}}],"collection":[{"href":"https:\/\/kwintesencja.art\/en\/wp-json\/wp\/v2\/product"}],"about":[{"href":"https:\/\/kwintesencja.art\/en\/wp-json\/wp\/v2\/types\/product"}],"wp:featuredmedia":[{"embeddable":true,"href":"https:\/\/kwintesencja.art\/en\/wp-json\/wp\/v2\/media\/900"}],"wp:attachment":[{"href":"https:\/\/kwintesencja.art\/en\/wp-json\/wp\/v2\/media?parent=898"}],"wp:term":[{"taxonomy":"product_cat","embeddable":true,"href":"https:\/\/kwintesencja.art\/en\/wp-json\/wp\/v2\/product_cat?post=898"},{"taxonomy":"product_tag","embeddable":true,"href":"https:\/\/kwintesencja.art\/en\/wp-json\/wp\/v2\/product_tag?post=898"}],"curies":[{"name":"wp","href":"https:\/\/api.w.org\/{rel}","templated":true}]}}

<div class="_1h7wt msts_9u _0d3bd_1NgnH" data-reactroot="">
<div>
<div class="mpof_ki myre_zn myre_8v_l _0d3bd_YrWCD">
<div class="mp4t_16_s mryx_16_s mr3m_1 mli2_1 mh85_56 mh85_0_l">
<div class="mgn2_16 _0d3bd_5pK0q">
<p>Fragment opisu z cricoteka pl</p>
<p>Wariat i zakonnica, 1963 – Teatr zerowy</p>
<p>“(…)</p>
<p>NOTATKI DO TEATRU “ZEROWEGO”.</p>
<p>Spróbujmy zgromadzić objawy życiowej aktywności o dużym ładunku</p>
<p>emocjonalnym i treściowym…</p>
<p>m i ł o ś ć,  z a z d r o ś ć,  ż ą d z a,  n a m i ę t n o ś ć,  c h c i w o ś ć, p r z e b i e g ł o ś ć,  t c h ó r z o s t w o,  z e m s t a,  m o r d e r s t w o,  s a m o b ó j s t w o,  w o j n a,  b o h a t e r s t w o,      s t r a c h,  c i e r p i e n i e …</p>
<p>Ten nie byle jaki materiał wybuchowy służył teatrowi i sztuce długo do wymyślania literackiej fabuły, dramatycznych akcji, powikłań, konfliktów i sensacji.</p>
<p>Jego właściwości i tendencje do  e k s p a n s j i  i  r o z ł a d o w a n i a  zadecydowały o rodzaju środków formalnych, oczywiście skutecznych i o podobnej naturze:</p>
<p>w y r a ż a n i e,</p>
<p>k s z t a ł t o w a n i e,</p>
<p>f o r m a,</p>
<p>i l u z j a,</p>
<p>z w i ą z k i  n a t u r a l i s t y c z n e  z życiem,</p>
<p>“figuratywność”…</p>
<p>(Tadeusz Kantor, Metamorfozy. Teksty o latach 1938 – 1974 , wybór i opracowanie Krzysztof Pleśniarowicz, Cricoteka, Księgarnia Akademicka, Kraków 2000, s.268)</p>
<p>Zobacz też inne moje aukcje: malarstwo olejne, grafiki.</p>
</div>
</div>
</div>
</div>
</div>

<p>Oryginalny Program Teatru „Cricot 2&#8243; Tadeusz Kantor pt. „Wariat i Zakonnica” z 1963 roku.</p>
<p>Tekst w języku polskim i francuskim. Ręczne dopiski.</p>
<p>Teatr autonomiczny &#8211; Teatr Cricot 2 &#8211; Galeria Krzysztofory, Kraków 1963, wymiary 10 x 29 cm, str 8 + 11</p>
<p>Dwie broszury &#8211; pierwsza zawierające tekst Tadeusza Kantora Teatr autonomiczny, druga opis dramatu Stanisława Ignacego Witkiewicza Wariat i Zakonnica [sztuka napisana w 1923 roku] wystawianego przez Teatr Cricot 2 w Galerii Krzysztofory [premiera 8 czerwca 1963 roku].</p>
