{"id":8672,"date":"2025-10-04T22:29:57","date_gmt":"2025-10-04T20:29:57","guid":{"rendered":"https:\/\/kwintesencja.art\/?post_type=product&#038;p=8672"},"modified":"2025-10-04T22:51:26","modified_gmt":"2025-10-04T20:51:26","slug":"helene-chez-archimede","status":"publish","type":"product","link":"https:\/\/kwintesencja.art\/en\/product\/helene-chez-archimede\/","title":{"rendered":"H\u00e9l\u00e8ne chez Archim\u00e8de"},"content":{"rendered":"<p>Pablo Picasso urodzi\u0142 si\u0119 w Maladze w roku 1881. Jego ojciec by\u0142 rysownikiem i to on dawa\u0142 mu pierwsze warsztaty i odkry\u0142 w nim talent. W wieku lat czternastu Pablo wst\u0105pi\u0142 do Kr\u00f3lewskiej Akademii Sztuk Pi\u0119knych \u015bw. Ferdynanda. Wkr\u00f3tce r\u00f3wnie\u017c znalaz\u0142 si\u0119 w Pary\u017cu zostaj\u0105c cz\u0142onkiem francuskieh bohemy artystycznej. Przebywa\u0142 nast\u0119pnie we W\u0142oszech podczas dzia\u0142a\u0144 wojennych I wojny, natomiast lata trzydzieste m.in. sp\u0119dzi\u0142 w Hiszpanii. Pierwsz\u0105 po\u0142ow\u0119 lat czterdziestych Picasso prze\u017cy\u0142 w Pary\u017cu, by zostaj\u0105c komunist\u0105 tam\u017ce do\u017cy\u0107 swych lat, pod Cannes, na po\u0142udniu Francji. By\u0142 tw\u00f3rc\u0105 takich niezapomnianych dzie\u0142 jak na przyk\u0142ad jego \u201eLongchamp\u201d, czyli ekspresja form w po\u0142\u0105czeniu z jaskraw\u0105 kolorystyk\u0105. Nast\u0119pny by\u0142 okres b\u0142\u0119kitny Picassa, w kt\u00f3rym b\u0142\u0119kit mia\u0142 za zadanie oddawa\u0107 uczucie wsp\u00f3\u0142czucia, smutku czy wzruszenia. Wystarczy tu wspomnie\u0107 pewnie o jego dziele zatytu\u0142owanym \u201eWezwanie. Pogrzeb Casagemasa\u201d z roku 1901, czy te\u017c obraz \u201eStary gitarzysta\u201d, pope\u0142niony w roku 1903. P\u00f3\u017aniej przyszed\u0142 czas na jego okres r\u00f3\u017cowy i cho\u0107by obraz \u201eRodzina arlekina\u201d. Czas ten jednak r\u00f3wnie\u017c przemin\u0105\u0142 dla nowego \u2013 Picasso prze\u017cywa\u0142 \u015bwiat niejako na nowo, a w zwi\u0105zku z tym jego okres prekubistyczny, st\u0105d dzie\u0142a takie jak \u201ePortret Kahnweilera\u201d, \u201eArlekin\u201d z roku 1915. Nie by\u0142 to bynajmniej koniec ewolucji. Prze\u017cy\u0142 bowiem nawr\u00f3t klasycyzmu widoczny w dziele \u201eKobiety przy fontannie\u201d. Wreszcie nasta\u0142 jego surrealizm przedwojenny widoczny w \u201eTa\u0144cu\u201d i \u201eCzerwonym fotelu\u201d. Obrazy z kolei takie jak \u201dMasakra w Korei\u201d z roku 1951 czy \u201eWojna i pok\u00f3j\u201d pochodz\u0105 ju\u017c z okresu powojennego. Niekt\u00f3rzy dopatruj\u0105 si\u0119 w jego tw\u00f3rczo\u015bci w\u00f3wczas nawet manieryzmu. Zwr\u00f3\u0107my uwag\u0119 na reinterpretacje dzie\u0142a Velaswueza \u201eLas meninas\u201d oraz s\u0142ynne dzie\u0142o \u201e\u015aniadanie w trawie\u201d. Tymczasem Picasso opr\u00f3cz tego anga\u017cowa\u0142 si\u0119 w wyrabianie ceramiki artystycznej, czym oznaczy\u0142 sw\u00f3j ostatni okres tw\u00f3rczy. Zmar\u0142 8 kwietnia 1973 roku w Mougins. W ci\u0105gu swojego \u017cycia Pablo Picasso by\u0142 w siedmiu d\u0142u\u017cszych zwi\u0105zkach. Mia\u0142 czw\u00f3rk\u0119 dzieci: Paul (z Olg\u0105 Kokhlov\u0105, pierwsz\u0105 \u017con\u0105), Maya (z Mari\u0105 Teres\u0105 Walter), Claude i Paloma (z Francoise Gilot, drug\u0105 \u017con\u0105). (\u017ar\u00f3d\u0142o: www.zyciorysy.info)<\/p>","protected":false},"excerpt":{"rendered":"<p data-start=\"30\" data-end=\"55\"><strong data-start=\"57\" data-end=\"70\">Technika:<\/strong> akwaforta na papierze czerpanym<br data-start=\"111\" data-end=\"114\" \/><strong data-start=\"114\" data-end=\"134\">Wymiary arkusza:<\/strong> 41 \u00d7 29 cm, 57 x 46,5 cm (z opraw\u0105)<br data-start=\"145\" data-end=\"148\" \/><strong data-start=\"148\" data-end=\"174\">Sygnatura<\/strong> podw\u00f3jna p.d.: z p\u0142yty oraz pod kompozycj\u0105 faksymile o\u0142\u00f3wkiem \u2018Picasso\u2019<br \/>\n<strong>Edycja:<\/strong> l. d.: <strong data-start=\"307\" data-end=\"319\">XII\/CCCL<\/strong>.<br data-start=\"320\" data-end=\"323\" \/><strong data-start=\"323\" data-end=\"348\">Pochodzenie \/ edycja:<\/strong> motyw z ksi\u0105\u017cki <em data-start=\"365\" data-end=\"388\">H\u00e9l\u00e8ne chez Archim\u00e8de<\/em>; odbitka z edycji numerowanej do <strong data-start=\"422\" data-end=\"429\">350<\/strong> egzemplarzy.<\/p>\n<p data-start=\"444\" data-end=\"742\"><strong data-start=\"444\" data-end=\"453\">Opis:<\/strong><br data-start=\"453\" data-end=\"456\" \/>Linearna, rytmiczna kompozycja zbudowana z siatek punkt\u00f3w, \u0142uk\u00f3w i linii, w kt\u00f3rych rysuje si\u0119 schematyczny profil postaci \u2013 wizualny dialog pomi\u0119dzy figur\u0105 a \u201ediagramem\u201d naukowym. Praca \u0142\u0105czy nerw r\u0119cznego rysunku z ch\u0142odem wykresu, co idealnie koresponduje z intelektualn\u0105 gr\u0105 tytu\u0142u.<\/p>\n<p data-start=\"744\" data-end=\"888\"><strong data-start=\"744\" data-end=\"764\">Stan zachowania:<\/strong> lekkie odbarwienie s\u0142oneczne (insolacja), miejscami drobne przebarwienia; papier z zachowanymi, nieregularnymi kraw\u0119dziami. Rama zniszczona, porysowana.<\/p>","protected":false},"featured_media":8673,"template":"","meta":{"_monsterinsights_skip_tracking":false,"_monsterinsights_sitenote_active":false,"_monsterinsights_sitenote_note":"","_monsterinsights_sitenote_category":0,"_themeisle_gutenberg_block_has_review":false},"product_cat":[41],"product_tag":[82],"class_list":["post-8672","product","type-product","status-publish","has-post-thumbnail","hentry","product_cat-grafiki","product_tag-picasso-pablo","product_shipping_class-rodzaj-wysylki-3"],"aioseo_notices":[],"_links":{"self":[{"href":"https:\/\/kwintesencja.art\/en\/wp-json\/wp\/v2\/product\/8672","targetHints":{"allow":["GET"]}}],"collection":[{"href":"https:\/\/kwintesencja.art\/en\/wp-json\/wp\/v2\/product"}],"about":[{"href":"https:\/\/kwintesencja.art\/en\/wp-json\/wp\/v2\/types\/product"}],"wp:featuredmedia":[{"embeddable":true,"href":"https:\/\/kwintesencja.art\/en\/wp-json\/wp\/v2\/media\/8673"}],"wp:attachment":[{"href":"https:\/\/kwintesencja.art\/en\/wp-json\/wp\/v2\/media?parent=8672"}],"wp:term":[{"taxonomy":"product_cat","embeddable":true,"href":"https:\/\/kwintesencja.art\/en\/wp-json\/wp\/v2\/product_cat?post=8672"},{"taxonomy":"product_tag","embeddable":true,"href":"https:\/\/kwintesencja.art\/en\/wp-json\/wp\/v2\/product_tag?post=8672"}],"curies":[{"name":"wp","href":"https:\/\/api.w.org\/{rel}","templated":true}]}}

Hélène chez Archimède

<p>Pablo Picasso urodził się w Maladze w roku 1881. Jego ojciec był rysownikiem i to on dawał mu pierwsze warsztaty i odkrył w nim talent. W wieku lat czternastu Pablo wstąpił do Królewskiej Akademii Sztuk Pięknych św. Ferdynanda. Wkrótce również znalazł się w Paryżu zostając członkiem francuskieh bohemy artystycznej. Przebywał następnie we Włoszech podczas działań wojennych I wojny, natomiast lata trzydzieste m.in. spędził w Hiszpanii. Pierwszą połowę lat czterdziestych Picasso przeżył w Paryżu, by zostając komunistą tamże dożyć swych lat, pod Cannes, na południu Francji. Był twórcą takich niezapomnianych dzieł jak na przykład jego „Longchamp”, czyli ekspresja form w połączeniu z jaskrawą kolorystyką. Następny był okres błękitny Picassa, w którym błękit miał za zadanie oddawać uczucie współczucia, smutku czy wzruszenia. Wystarczy tu wspomnieć pewnie o jego dziele zatytułowanym „Wezwanie. Pogrzeb Casagemasa” z roku 1901, czy też obraz „Stary gitarzysta”, popełniony w roku 1903. Później przyszedł czas na jego okres różowy i choćby obraz „Rodzina arlekina”. Czas ten jednak również przeminął dla nowego – Picasso przeżywał świat niejako na nowo, a w związku z tym jego okres prekubistyczny, stąd dzieła takie jak „Portret Kahnweilera”, „Arlekin” z roku 1915. Nie był to bynajmniej koniec ewolucji. Przeżył bowiem nawrót klasycyzmu widoczny w dziele „Kobiety przy fontannie”. Wreszcie nastał jego surrealizm przedwojenny widoczny w „Tańcu” i „Czerwonym fotelu”. Obrazy z kolei takie jak ”Masakra w Korei” z roku 1951 czy „Wojna i pokój” pochodzą już z okresu powojennego. Niektórzy dopatrują się w jego twórczości wówczas nawet manieryzmu. Zwróćmy uwagę na reinterpretacje dzieła Velaswueza „Las meninas” oraz słynne dzieło „Śniadanie w trawie”. Tymczasem Picasso oprócz tego angażował się w wyrabianie ceramiki artystycznej, czym oznaczył swój ostatni okres twórczy. Zmarł 8 kwietnia 1973 roku w Mougins. W ciągu swojego życia Pablo Picasso był w siedmiu dłuższych związkach. Miał czwórkę dzieci: Paul (z Olgą Kokhlovą, pierwszą żoną), Maya (z Marią Teresą Walter), Claude i Paloma (z Francoise Gilot, drugą żoną). (źródło: www.zyciorysy.info)</p>

<p data-start="30" data-end="55"><strong data-start="57" data-end="70">Technika:</strong> akwaforta na papierze czerpanym<br data-start="111" data-end="114" /><strong data-start="114" data-end="134">Wymiary arkusza:</strong> 41 × 29 cm, 57 x 46,5 cm (z oprawą)<br data-start="145" data-end="148" /><strong data-start="148" data-end="174">Sygnatura</strong> podwójna p.d.: z płyty oraz pod kompozycją faksymile ołówkiem ‘Picasso’<br />
<strong>Edycja:</strong> l. d.: <strong data-start="307" data-end="319">XII/CCCL</strong>.<br data-start="320" data-end="323" /><strong data-start="323" data-end="348">Pochodzenie / edycja:</strong> motyw z książki <em data-start="365" data-end="388">Hélène chez Archimède</em>; odbitka z edycji numerowanej do <strong data-start="422" data-end="429">350</strong> egzemplarzy.</p>
<p data-start="444" data-end="742"><strong data-start="444" data-end="453">Opis:</strong><br data-start="453" data-end="456" />Linearna, rytmiczna kompozycja zbudowana z siatek punktów, łuków i linii, w których rysuje się schematyczny profil postaci – wizualny dialog pomiędzy figurą a „diagramem” naukowym. Praca łączy nerw ręcznego rysunku z chłodem wykresu, co idealnie koresponduje z intelektualną grą tytułu.</p>
<p data-start="744" data-end="888"><strong data-start="744" data-end="764">Stan zachowania:</strong> lekkie odbarwienie słoneczne (insolacja), miejscami drobne przebarwienia; papier z zachowanymi, nieregularnymi krawędziami. Rama zniszczona, porysowana.</p>
