{"id":6882,"date":"2024-09-26T11:29:17","date_gmt":"2024-09-26T09:29:17","guid":{"rendered":"https:\/\/kwintesencja.art\/?post_type=product&#038;p=6882"},"modified":"2024-09-26T11:50:09","modified_gmt":"2024-09-26T09:50:09","slug":"postac-3","status":"publish","type":"product","link":"https:\/\/kwintesencja.art\/en\/product\/postac-3\/","title":{"rendered":"Posta\u0107"},"content":{"rendered":"<p>Jean Lambert-Rucki (1888 \u2013 1967) &#8211; \u015bwiatowej s\u0142awy designer, malarz i rze\u017abiarz polskiego pochodzenia. W 1911 roku uko\u0144czy\u0142 Akademi\u0119 Sztuk Pi\u0119knych w Krakowie. Na sta\u0142e osiad\u0142 w Pary\u017cu. W pierwszych latach pobytu we Francji dzieli\u0142 pracowni\u0119 z Amedeo Modiglianim, przyja\u017ani\u0142 si\u0119 z Moj\u017ceszem Kislingiem i Chaimem Soutinem. W latach 30. by\u0142 cz\u0142onkiem Zwi\u0105zku Artyst\u00f3w Nowoczesnych (UAM) obok, m.in. Le Corbusiera. W drugiej po\u0142owie lat 30. zrealizowa\u0142 kilkadziesi\u0105t masek i seri\u0119 rze\u017ab zainspirowanych wiejskim folklorem (Ksi\u0119\u017cycowa posta\u0107, Bociany, Strach na wr\u00f3ble). Zajmowa\u0142 si\u0119 tak\u017ce sztuk\u0105 sakraln\u0105. (\u017ar\u00f3d\u0142o: Art of Poland)<\/p>","protected":false},"excerpt":{"rendered":"<p>Rysunek o\u0142\u00f3wkiem na papierze, oprawiony, za szk\u0142em<br \/>\nWymiary: w \u015bw. p-p. 58 x 46 cm, 77,5 x 65,5 cm (z opraw\u0105)<br \/>\np.d.: J. Lambert Rucki<br \/>\n* u g\u00f3ry: nierozczytane zapiski<br \/>\nStan: bardzo dobry, piegi i plamy charakterystyczne dla wieku.<br \/>\nPraca zakupiona w Domu Aukcyjnym w Niemczech.<br \/>\nNie uda\u0142o si\u0119 okre\u015bli\u0107 historii i pochodzenia dzie\u0142a,<br \/>\nani jednoznacznie potwierdzi\u0107 autentyczno\u015b\u0107,<br \/>\ndlatego praca sprzedawana jest \u201ew stylu\u201d,<br \/>\njako przypisana do artysty \u201eATTR\u201d<\/p>","protected":false},"featured_media":6887,"template":"","meta":{"_monsterinsights_skip_tracking":false,"_monsterinsights_sitenote_active":false,"_monsterinsights_sitenote_note":"","_monsterinsights_sitenote_category":0,"_themeisle_gutenberg_block_has_review":false},"product_cat":[39],"product_tag":[275],"class_list":["post-6882","product","type-product","status-publish","has-post-thumbnail","hentry","product_cat-obrazy","product_tag-lambert-rucki-jean","product_shipping_class-rodzaj-wysylki-3"],"aioseo_notices":[],"_links":{"self":[{"href":"https:\/\/kwintesencja.art\/en\/wp-json\/wp\/v2\/product\/6882","targetHints":{"allow":["GET"]}}],"collection":[{"href":"https:\/\/kwintesencja.art\/en\/wp-json\/wp\/v2\/product"}],"about":[{"href":"https:\/\/kwintesencja.art\/en\/wp-json\/wp\/v2\/types\/product"}],"wp:featuredmedia":[{"embeddable":true,"href":"https:\/\/kwintesencja.art\/en\/wp-json\/wp\/v2\/media\/6887"}],"wp:attachment":[{"href":"https:\/\/kwintesencja.art\/en\/wp-json\/wp\/v2\/media?parent=6882"}],"wp:term":[{"taxonomy":"product_cat","embeddable":true,"href":"https:\/\/kwintesencja.art\/en\/wp-json\/wp\/v2\/product_cat?post=6882"},{"taxonomy":"product_tag","embeddable":true,"href":"https:\/\/kwintesencja.art\/en\/wp-json\/wp\/v2\/product_tag?post=6882"}],"curies":[{"name":"wp","href":"https:\/\/api.w.org\/{rel}","templated":true}]}}

Postać

<p>Jean Lambert-Rucki (1888 – 1967) &#8211; światowej sławy designer, malarz i rzeźbiarz polskiego pochodzenia. W 1911 roku ukończył Akademię Sztuk Pięknych w Krakowie. Na stałe osiadł w Paryżu. W pierwszych latach pobytu we Francji dzielił pracownię z Amedeo Modiglianim, przyjaźnił się z Mojżeszem Kislingiem i Chaimem Soutinem. W latach 30. był członkiem Związku Artystów Nowoczesnych (UAM) obok, m.in. Le Corbusiera. W drugiej połowie lat 30. zrealizował kilkadziesiąt masek i serię rzeźb zainspirowanych wiejskim folklorem (Księżycowa postać, Bociany, Strach na wróble). Zajmował się także sztuką sakralną. (źródło: Art of Poland)</p>

<p>Rysunek ołówkiem na papierze, oprawiony, za szkłem<br />
Wymiary: w św. p-p. 58 x 46 cm, 77,5 x 65,5 cm (z oprawą)<br />
p.d.: J. Lambert Rucki<br />
* u góry: nierozczytane zapiski<br />
Stan: bardzo dobry, piegi i plamy charakterystyczne dla wieku.<br />
Praca zakupiona w Domu Aukcyjnym w Niemczech.<br />
Nie udało się określić historii i pochodzenia dzieła,<br />
ani jednoznacznie potwierdzić autentyczność,<br />
dlatego praca sprzedawana jest „w stylu”,<br />
jako przypisana do artysty „ATTR”</p>
