{"id":6519,"date":"2024-05-21T23:56:22","date_gmt":"2024-05-21T21:56:22","guid":{"rendered":"https:\/\/kwintesencja.art\/?post_type=product&#038;p=6519"},"modified":"2025-12-01T10:33:04","modified_gmt":"2025-12-01T09:33:04","slug":"zimowy-pejzaz-z-gornej-sabaudii","status":"publish","type":"product","link":"https:\/\/kwintesencja.art\/en\/product\/zimowy-pejzaz-z-gornej-sabaudii\/","title":{"rendered":"Zimowy pejza\u017c z G\u00f3rnej Sabaudii"},"content":{"rendered":"<p>Alfred Swieykowski (1869-1953), syn polskiego emigranta. Pocz\u0105tkowo malarstwa uczy\u0142 si\u0119 w Pa\u0144stwowej Wy\u017cszej Szkole Sztuk Pi\u0119knych w Pary\u017cu pod kierunkiem Ferdynanda Cormona. W latach 1894-1921 swoje prace wystawia\u0142 w Salonach Artyst\u00f3w Francuskich. Od roku 1927 nale\u017ca\u0142 do grupy artyst\u00f3w Societe Nationale des Beaux-Arts. W 1937 roku zosta\u0142 odznaczony z\u0142otym medalem. Pocz\u0105tkowo tworzy\u0142 w stylu klasycystycznym, w p\u00f3\u017aniejszym okresie wi\u0119kszo\u015b\u0107 jego tw\u00f3rczo\u015bci by\u0142a typowa dla impresjonist\u00f3w, ale cz\u0119\u015b\u0107 obraz\u00f3w nosi\u0142a cechy granicz\u0105ce z fowizmem. Wiele podr\u00f3\u017cowa\u0142, jego obrazy przedstawiaj\u0105 g\u0142\u00f3wnie widoki Pary\u017ca, Normandii, Bretanii i Alp. Ponadto tworzy\u0142 portrety, kompozycje kwiatowe i wn\u0119trza.<\/p>","protected":false},"excerpt":{"rendered":"<p>Technika: Olej, p\u0142\u00f3tno<br \/>\nWymiary: 39 x 55, 46 x 63 cm (z ram\u0105)<br \/>\nSygnatura: p.d.: A.Swieykowski<br \/>\nPraca oprawiona w stylow\u0105 now\u0105 ram\u0119<\/p>","protected":false},"featured_media":6521,"template":"","meta":{"_monsterinsights_skip_tracking":false,"_monsterinsights_sitenote_active":false,"_monsterinsights_sitenote_note":"","_monsterinsights_sitenote_category":0,"_themeisle_gutenberg_block_has_review":false},"product_cat":[39],"product_tag":[295,298,350],"class_list":["post-6519","product","type-product","status-publish","has-post-thumbnail","hentry","product_cat-obrazy","product_tag-artysta-mniej-znany","product_tag-swieykowski","product_tag-wyprzedaz","product_shipping_class-rodzaj-wysylki-3"],"aioseo_notices":[],"_links":{"self":[{"href":"https:\/\/kwintesencja.art\/en\/wp-json\/wp\/v2\/product\/6519","targetHints":{"allow":["GET"]}}],"collection":[{"href":"https:\/\/kwintesencja.art\/en\/wp-json\/wp\/v2\/product"}],"about":[{"href":"https:\/\/kwintesencja.art\/en\/wp-json\/wp\/v2\/types\/product"}],"wp:featuredmedia":[{"embeddable":true,"href":"https:\/\/kwintesencja.art\/en\/wp-json\/wp\/v2\/media\/6521"}],"wp:attachment":[{"href":"https:\/\/kwintesencja.art\/en\/wp-json\/wp\/v2\/media?parent=6519"}],"wp:term":[{"taxonomy":"product_cat","embeddable":true,"href":"https:\/\/kwintesencja.art\/en\/wp-json\/wp\/v2\/product_cat?post=6519"},{"taxonomy":"product_tag","embeddable":true,"href":"https:\/\/kwintesencja.art\/en\/wp-json\/wp\/v2\/product_tag?post=6519"}],"curies":[{"name":"wp","href":"https:\/\/api.w.org\/{rel}","templated":true}]}}

Zimowy pejzaż z Górnej Sabaudii

<p>Alfred Swieykowski (1869-1953), syn polskiego emigranta. Początkowo malarstwa uczył się w Państwowej Wyższej Szkole Sztuk Pięknych w Paryżu pod kierunkiem Ferdynanda Cormona. W latach 1894-1921 swoje prace wystawiał w Salonach Artystów Francuskich. Od roku 1927 należał do grupy artystów Societe Nationale des Beaux-Arts. W 1937 roku został odznaczony złotym medalem. Początkowo tworzył w stylu klasycystycznym, w późniejszym okresie większość jego twórczości była typowa dla impresjonistów, ale część obrazów nosiła cechy graniczące z fowizmem. Wiele podróżował, jego obrazy przedstawiają głównie widoki Paryża, Normandii, Bretanii i Alp. Ponadto tworzył portrety, kompozycje kwiatowe i wnętrza.</p>

<p>Technika: Olej, płótno<br />
Wymiary: 39 x 55, 46 x 63 cm (z ramą)<br />
Sygnatura: p.d.: A.Swieykowski<br />
Praca oprawiona w stylową nową ramę</p>
