{"id":5242,"date":"2023-12-05T00:04:34","date_gmt":"2023-12-04T23:04:34","guid":{"rendered":"https:\/\/kwintesencja.art\/?post_type=product&#038;p=5242"},"modified":"2025-12-17T21:04:17","modified_gmt":"2025-12-17T20:04:17","slug":"dwie-fridy","status":"publish","type":"product","link":"https:\/\/kwintesencja.art\/en\/product\/dwie-fridy\/","title":{"rendered":"Dwie Fridy"},"content":{"rendered":"<p>Frida Kahlo by\u0142a meksyka\u0144sk\u0105 malark\u0105 \u017cyj\u0105c\u0105 w pierwszej po\u0142owie XX wieku. Urodzi\u0142a si\u0119 w 1907 roku w rodzinie wielodzietnej na przedmie\u015bciach Meksyku. Jej ojciec by\u0142 artyst\u0105 \u2013 zajmowa\u0142 si\u0119 fotografi\u0105 oraz malarstwem. Swoj\u0105 pasj\u0105 zarazi\u0142 c\u00f3rk\u0119, gdy mia\u0142a osiemna\u015bcie lat \u2013 od tego czasu Frida porzuci\u0142a marzenia o medycynie, aby odda\u0107 si\u0119 uwiecznianiu \u015bwiata czy to na p\u0142\u00f3tnie, czy w kadrze aparatu.<\/p>\n<p>Jej sztuka wyra\u017anie nawi\u0105zywa\u0142a do kultury meksyka\u0144skiej oraz india\u0144skiej. W zwi\u0105zku z tym cz\u0119sto uznawano j\u0105 za przejaw prymitywizmu, czyli sztuki naiwnej, a tak\u017ce sztuk\u0119 folkow\u0105 czy te\u017c surrealistyczn\u0105. Artystka ju\u017c od dziecka mia\u0142a problemy ze zdrowiem. W wieku sze\u015bciu lat przesz\u0142a polio, natomiast kilka lat p\u00f3\u017aniej uczestniczy\u0142a w wypadku komunikacyjnym. W jego wyniku do\u015bwiadczy\u0142a bardzo powa\u017cnych obra\u017ce\u0144, mi\u0119dzy innymi z\u0142amania kr\u0119gos\u0142upa. Chocia\u017c uda\u0142o jej si\u0119, po d\u0142ugotrwa\u0142ej rehabilitacji, stan\u0105\u0107 na nogi, do ko\u0144ca \u017cycia zmaga\u0142a si\u0119 z b\u00f3lem b\u0119d\u0105cym skutkiem wcze\u015bniejszego zaj\u015bcia.<\/p>\n<p>Analizuj\u0105c tw\u00f3rczo\u015b\u0107 Fridy Kahlo, dostrzegamy wp\u0142ywy symbolizmu oraz realizmu, kt\u00f3re sk\u0142oni\u0142y malark\u0119 do pokazywania rzeczywisto\u015bci takiej, jaka jest, bez pr\u00f3by \u201enaprawiania \u015bwiata\u201d w swojej tw\u00f3rczo\u015bci. Widoczne s\u0105 tak\u017ce elementy kultury meksyka\u0144skiej \u2013 przede wszystkim dotyczy to tematyki ukazanej na obrazach. Motywem przewodnim w malarstwie Kahlo jest \u017cycie kobiet. W swojej tw\u00f3rczo\u015bci stawia\u0142a na realizm, zawsze stara\u0142a si\u0119 przedstawia\u0107 w\u0142asne \u017cycie a nie fikcyjny \u015bwiat. Artystka uwiecznia portrety, pokazuj\u0105c kobiety w r\u00f3\u017cnych kontekstach, przede wszystkim w ci\u0119\u017ckim i surowym \u015brodowisku pracy.<\/p>\n<p>W 1928 roku Kahlo wst\u0105pi\u0142a do Meksyka\u0144skiej Partii Komunistycznej, jednak nie rozwin\u0119\u0142a swojej politycznej kariery. Rok p\u00f3\u017aniej po\u015blubi\u0142a artyst\u0119 zafascynowanego jej pracami, Diego River\u0119. Frida nie mog\u0142a doczeka\u0107 si\u0119 dziecka, a rozwi\u0105z\u0142y styl \u017cycia artyst\u00f3w nie sprzyja\u0142 piel\u0119gnowaniu rodzinnego szcz\u0119\u015bcia.<\/p>\n<p>Pierwsza wystawa Kahlo w Nowym Jorku mia\u0142a miejsce w 1938 roku. Jej tw\u00f3rczo\u015b\u0107 wzbudzi\u0142a zachwyt publiczno\u015bci, jednak kolejne wystawy jej obraz\u00f3w nie cieszy\u0142y si\u0119 popularno\u015bci\u0105. Zdrowotne problemy sk\u0142oni\u0142y Frid\u0119 do prowadzenia dziennika, w kt\u00f3rym przez kilka lat opisywa\u0142a swoje \u017cyciowe perypetie.<\/p>\n<p>Obrazy Kahlo przedstawiaj\u0105 przede wszystkim kobiety, bohaterki s\u0105 uwiecznione w r\u00f3\u017cnych rolach spo\u0142ecznych oraz w r\u00f3\u017cnych \u015brodowiskach. W\u015br\u00f3d jej obraz\u00f3w znalaz\u0142y si\u0119: \u201eAutoportret w aksamitnej sukni\u201d (1926), \u201eKilka ma\u0142ych uk\u0142u\u0107\u201d (1935), \u201eDwie nagie kobiety w lesie\u201d (1939), \u201eNiech \u017cyje \u017cycie\u201d (1954). Kobieca tematyka obraz\u00f3w sprawia, \u017ce Kahlo wpisuje si\u0119 w nurt feministyczny, a wr\u0119cz jest uwa\u017cana za jego symbol w II po\u0142owie XX wieku. Malarka zmar\u0142a w 1954 roku najprawdopodobniej w wyniku pr\u00f3by samob\u00f3jczej.<\/p>","protected":false},"excerpt":{"rendered":"<p>Grafika, edycja limitowana na papierze Fabriano Cotton Privilege.<br \/>\nKa\u017cda grafika jest indywidualnie numerowana.<br \/>\nNapis o\u0142\u00f3wkiem l.d.: 106\/250, p.d.: faksymile \u201eFrida Kahlo\u201d.<br \/>\nWymiary: 50 cm x 70 cm (arkusz)<br \/>\nNa odwrocie hologram.<br \/>\nStan zachowania: bardzo dobry<br \/>\n* W prezencie cz\/b fotografia Fridy i Diego w poca\u0142unku (ostatnie zdj\u0119cie)<\/p>","protected":false},"featured_media":8708,"template":"","meta":{"_monsterinsights_skip_tracking":false,"_monsterinsights_sitenote_active":false,"_monsterinsights_sitenote_note":"","_monsterinsights_sitenote_category":0,"_themeisle_gutenberg_block_has_review":false},"product_cat":[41],"product_tag":[246,350],"class_list":["post-5242","product","type-product","status-publish","has-post-thumbnail","hentry","product_cat-grafiki","product_tag-kahlo-frida","product_tag-wyprzedaz","product_shipping_class-rodzaj-wysylki-2"],"aioseo_notices":[],"_links":{"self":[{"href":"https:\/\/kwintesencja.art\/en\/wp-json\/wp\/v2\/product\/5242","targetHints":{"allow":["GET"]}}],"collection":[{"href":"https:\/\/kwintesencja.art\/en\/wp-json\/wp\/v2\/product"}],"about":[{"href":"https:\/\/kwintesencja.art\/en\/wp-json\/wp\/v2\/types\/product"}],"wp:featuredmedia":[{"embeddable":true,"href":"https:\/\/kwintesencja.art\/en\/wp-json\/wp\/v2\/media\/8708"}],"wp:attachment":[{"href":"https:\/\/kwintesencja.art\/en\/wp-json\/wp\/v2\/media?parent=5242"}],"wp:term":[{"taxonomy":"product_cat","embeddable":true,"href":"https:\/\/kwintesencja.art\/en\/wp-json\/wp\/v2\/product_cat?post=5242"},{"taxonomy":"product_tag","embeddable":true,"href":"https:\/\/kwintesencja.art\/en\/wp-json\/wp\/v2\/product_tag?post=5242"}],"curies":[{"name":"wp","href":"https:\/\/api.w.org\/{rel}","templated":true}]}}

<p>Frida Kahlo była meksykańską malarką żyjącą w pierwszej połowie XX wieku. Urodziła się w 1907 roku w rodzinie wielodzietnej na przedmieściach Meksyku. Jej ojciec był artystą – zajmował się fotografią oraz malarstwem. Swoją pasją zaraził córkę, gdy miała osiemnaście lat – od tego czasu Frida porzuciła marzenia o medycynie, aby oddać się uwiecznianiu świata czy to na płótnie, czy w kadrze aparatu.</p>
<p>Jej sztuka wyraźnie nawiązywała do kultury meksykańskiej oraz indiańskiej. W związku z tym często uznawano ją za przejaw prymitywizmu, czyli sztuki naiwnej, a także sztukę folkową czy też surrealistyczną. Artystka już od dziecka miała problemy ze zdrowiem. W wieku sześciu lat przeszła polio, natomiast kilka lat później uczestniczyła w wypadku komunikacyjnym. W jego wyniku doświadczyła bardzo poważnych obrażeń, między innymi złamania kręgosłupa. Chociaż udało jej się, po długotrwałej rehabilitacji, stanąć na nogi, do końca życia zmagała się z bólem będącym skutkiem wcześniejszego zajścia.</p>
<p>Analizując twórczość Fridy Kahlo, dostrzegamy wpływy symbolizmu oraz realizmu, które skłoniły malarkę do pokazywania rzeczywistości takiej, jaka jest, bez próby „naprawiania świata” w swojej twórczości. Widoczne są także elementy kultury meksykańskiej – przede wszystkim dotyczy to tematyki ukazanej na obrazach. Motywem przewodnim w malarstwie Kahlo jest życie kobiet. W swojej twórczości stawiała na realizm, zawsze starała się przedstawiać własne życie a nie fikcyjny świat. Artystka uwiecznia portrety, pokazując kobiety w różnych kontekstach, przede wszystkim w ciężkim i surowym środowisku pracy.</p>
<p>W 1928 roku Kahlo wstąpiła do Meksykańskiej Partii Komunistycznej, jednak nie rozwinęła swojej politycznej kariery. Rok później poślubiła artystę zafascynowanego jej pracami, Diego Riverę. Frida nie mogła doczekać się dziecka, a rozwiązły styl życia artystów nie sprzyjał pielęgnowaniu rodzinnego szczęścia.</p>
<p>Pierwsza wystawa Kahlo w Nowym Jorku miała miejsce w 1938 roku. Jej twórczość wzbudziła zachwyt publiczności, jednak kolejne wystawy jej obrazów nie cieszyły się popularnością. Zdrowotne problemy skłoniły Fridę do prowadzenia dziennika, w którym przez kilka lat opisywała swoje życiowe perypetie.</p>
<p>Obrazy Kahlo przedstawiają przede wszystkim kobiety, bohaterki są uwiecznione w różnych rolach społecznych oraz w różnych środowiskach. Wśród jej obrazów znalazły się: „Autoportret w aksamitnej sukni” (1926), „Kilka małych ukłuć” (1935), „Dwie nagie kobiety w lesie” (1939), „Niech żyje życie” (1954). Kobieca tematyka obrazów sprawia, że Kahlo wpisuje się w nurt feministyczny, a wręcz jest uważana za jego symbol w II połowie XX wieku. Malarka zmarła w 1954 roku najprawdopodobniej w wyniku próby samobójczej.</p>

<p>Grafika, edycja limitowana na papierze Fabriano Cotton Privilege.<br />
Każda grafika jest indywidualnie numerowana.<br />
Napis ołówkiem l.d.: 106/250, p.d.: faksymile „Frida Kahlo”.<br />
Wymiary: 50 cm x 70 cm (arkusz)<br />
Na odwrocie hologram.<br />
Stan zachowania: bardzo dobry<br />
* W prezencie cz/b fotografia Fridy i Diego w pocałunku (ostatnie zdjęcie)</p>
