{"id":4465,"date":"2023-05-23T23:11:14","date_gmt":"2023-05-23T21:11:14","guid":{"rendered":"https:\/\/kwintesencja.art\/?post_type=product&#038;p=4465"},"modified":"2025-12-01T11:24:35","modified_gmt":"2025-12-01T10:24:35","slug":"hair-pursued-by-two-planets","status":"publish","type":"product","link":"https:\/\/kwintesencja.art\/en\/product\/hair-pursued-by-two-planets\/","title":{"rendered":"Hair Pursued by Two Planets"},"content":{"rendered":"<p>Joan Mir\u00f3 (1893-1983) by\u0142 katalo\u0144skim malarzem, rze\u017abiarzem, rytownikiem i ceramikiem . Okre\u015blaj\u0105c si\u0119 przede wszystkim jako \u201emi\u0119dzynarodowy katalo\u0144czyk\u201d, jest jednym z g\u0142\u00f3wnych przedstawicieli ruchu surrealistycznego .<\/p>\n<p>Jego prace odzwierciedlaj\u0105 jego poci\u0105g do pod\u015bwiadomo\u015bci, do \u201edzieci\u0119cego ducha\u201d i do swojego kraju. We wczesnych latach wykazywa\u0142 silne wp\u0142ywy fowist\u00f3w, kubist\u00f3w i ekspresjonist\u00f3w, zanim przekszta\u0142ci\u0142 si\u0119 w malarstwo p\u0142askie z pewn\u0105 naiwno\u015bci\u0105 . Obraz zatytu\u0142owany La Ferme, namalowany w 1921 roku, jest jednym z najs\u0142ynniejszych obraz\u00f3w tego okresu.<\/p>\n<p>Po wyje\u017adzie do Pary\u017ca jego tw\u00f3rczo\u015b\u0107 staje si\u0119 bardziej oniryczna, co koresponduje z g\u0142\u00f3wnymi nurtami ruchu surrealistycznego, do kt\u00f3rego jest przywi\u0105zany. W licznych wywiadach i pismach z lat 30. Mir\u00f3 manifestuje ch\u0119\u0107 porzucenia konwencjonalnych metod malowania, by &#8211; jak sam m\u00f3wi &#8211; \u201ezabi\u0107 ich, zamordowa\u0107 lub zgwa\u0142ci\u0107\u201d, promuj\u0105c w ten spos\u00f3b wsp\u00f3\u0142czesn\u0105 form\u0119 ekspresji. Nie chce spe\u0142nia\u0107 \u017cadnych wymaga\u0144, ani estetyki i jej metod, ani surrealizmu .<\/p>\n<p>Na jego cze\u015b\u0107 powsta\u0142a w 1975 roku w Barcelonie Fundacja Joan-Mir\u00f3 . Jest to centrum kulturalno-artystyczne po\u015bwi\u0119cone prezentowaniu nowych trend\u00f3w w sztuce wsp\u00f3\u0142czesnej. Jest pocz\u0105tkowo zasilany z du\u017cego funduszu oferowanego przez nauczyciela. Inne miejsca maj\u0105 wa\u017cne kolekcje dzie\u0142 Mir\u00f3, takie jak Pilar and Joan Mir\u00f3 Foundation w Palma de Mallorca, Mus\u00e9e National d&#8217;art moderne de Paris, Mus\u00e9e d&#8217;art moderne de Lille i Museum of Modern art of New York .<\/p>","protected":false},"excerpt":{"rendered":"<p>Grafika, edycja limitowana 150 egzemplarzy, na\u00a0papierze czerpanym.<br \/>\nKa\u017cda grafika jest indywidualnie numerowana.<br \/>\nNapis o\u0142\u00f3wkiem l.d.: 30\/150, p.d.: faksymile \u201eMiro\u201d.<br \/>\nWymiary: 57 cm x 78 cm (arkusz)<br \/>\nL.d.: Arches p.d. sucha piecz\u0119\u0107 wydawcy: <span class=\"HwtZe\" lang=\"pl\">S.P.A.D.E.M 1973<br \/>\nZnak wodny na\u00a0papierze: Arches France<br \/>\nNa odwrocie hologram.<\/span><br \/>\nStan zachowania: bardzo dobry<\/p>","protected":false},"featured_media":4467,"template":"","meta":{"_monsterinsights_skip_tracking":false,"_monsterinsights_sitenote_active":false,"_monsterinsights_sitenote_note":"","_monsterinsights_sitenote_category":0,"_themeisle_gutenberg_block_has_review":false},"product_cat":[41],"product_tag":[206,350],"class_list":["post-4465","product","type-product","status-publish","has-post-thumbnail","hentry","product_cat-grafiki","product_tag-miro-joan","product_tag-wyprzedaz","product_shipping_class-rodzaj-wysylki-2"],"aioseo_notices":[],"_links":{"self":[{"href":"https:\/\/kwintesencja.art\/en\/wp-json\/wp\/v2\/product\/4465","targetHints":{"allow":["GET"]}}],"collection":[{"href":"https:\/\/kwintesencja.art\/en\/wp-json\/wp\/v2\/product"}],"about":[{"href":"https:\/\/kwintesencja.art\/en\/wp-json\/wp\/v2\/types\/product"}],"wp:featuredmedia":[{"embeddable":true,"href":"https:\/\/kwintesencja.art\/en\/wp-json\/wp\/v2\/media\/4467"}],"wp:attachment":[{"href":"https:\/\/kwintesencja.art\/en\/wp-json\/wp\/v2\/media?parent=4465"}],"wp:term":[{"taxonomy":"product_cat","embeddable":true,"href":"https:\/\/kwintesencja.art\/en\/wp-json\/wp\/v2\/product_cat?post=4465"},{"taxonomy":"product_tag","embeddable":true,"href":"https:\/\/kwintesencja.art\/en\/wp-json\/wp\/v2\/product_tag?post=4465"}],"curies":[{"name":"wp","href":"https:\/\/api.w.org\/{rel}","templated":true}]}}

<p>Joan Miró (1893-1983) był katalońskim malarzem, rzeźbiarzem, rytownikiem i ceramikiem . Określając się przede wszystkim jako „międzynarodowy katalończyk”, jest jednym z głównych przedstawicieli ruchu surrealistycznego .</p>
<p>Jego prace odzwierciedlają jego pociąg do podświadomości, do „dziecięcego ducha” i do swojego kraju. We wczesnych latach wykazywał silne wpływy fowistów, kubistów i ekspresjonistów, zanim przekształcił się w malarstwo płaskie z pewną naiwnością . Obraz zatytułowany La Ferme, namalowany w 1921 roku, jest jednym z najsłynniejszych obrazów tego okresu.</p>
<p>Po wyjeździe do Paryża jego twórczość staje się bardziej oniryczna, co koresponduje z głównymi nurtami ruchu surrealistycznego, do którego jest przywiązany. W licznych wywiadach i pismach z lat 30. Miró manifestuje chęć porzucenia konwencjonalnych metod malowania, by &#8211; jak sam mówi &#8211; „zabić ich, zamordować lub zgwałcić”, promując w ten sposób współczesną formę ekspresji. Nie chce spełniać żadnych wymagań, ani estetyki i jej metod, ani surrealizmu .</p>
<p>Na jego cześć powstała w 1975 roku w Barcelonie Fundacja Joan-Miró . Jest to centrum kulturalno-artystyczne poświęcone prezentowaniu nowych trendów w sztuce współczesnej. Jest początkowo zasilany z dużego funduszu oferowanego przez nauczyciela. Inne miejsca mają ważne kolekcje dzieł Miró, takie jak Pilar and Joan Miró Foundation w Palma de Mallorca, Musée National d&#8217;art moderne de Paris, Musée d&#8217;art moderne de Lille i Museum of Modern art of New York .</p>

<p>Grafika, edycja limitowana 150 egzemplarzy, na papierze czerpanym.<br />
Każda grafika jest indywidualnie numerowana.<br />
Napis ołówkiem l.d.: 30/150, p.d.: faksymile „Miro”.<br />
Wymiary: 57 cm x 78 cm (arkusz)<br />
L.d.: Arches p.d. sucha pieczęć wydawcy: <span class="HwtZe" lang="pl">S.P.A.D.E.M 1973<br />
Znak wodny na papierze: Arches France<br />
Na odwrocie hologram.</span><br />
Stan zachowania: bardzo dobry</p>
